{"id":73560,"date":"2025-09-24T10:53:08","date_gmt":"2025-09-24T10:53:08","guid":{"rendered":"https:\/\/casafreitas.pt\/loja\/produto\/capa-chuva-dobravel-azul-escuro\/"},"modified":"2025-10-24T00:35:55","modified_gmt":"2025-10-24T00:35:55","slug":"capa-chuva-dobravel-azul-escuro","status":"publish","type":"product","link":"https:\/\/casafreitas.pt\/loja\/produto\/capa-chuva-dobravel-azul-escuro\/","title":{"rendered":"Capa de chuva dobr\u00e1vel azul escuro"},"content":{"rendered":"","protected":false},"excerpt":{"rendered":"<p>Capa de chuva dobr\u00e1vel azul escuro. material: poli\u00e9ster reciclado. tamanho \u00fanico. medidas: 146 x 95 cm<\/p>\n","protected":false},"featured_media":73559,"comment_status":"open","ping_status":"closed","template":"","meta":[],"product_brand":[],"product_cat":[17707,18003],"product_tag":[12521],"class_list":{"0":"post-73560","1":"product","2":"type-product","3":"status-publish","4":"has-post-thumbnail","6":"product_cat-impermeaveis-casa-e-decoracao","7":"product_cat-casa-decoracao","8":"product_tag-bisetti","10":"first","11":"instock","12":"taxable","13":"shipping-taxable","14":"purchasable","15":"product-type-simple"},"_links":{"self":[{"href":"https:\/\/casafreitas.pt\/loja\/wp-json\/wp\/v2\/product\/73560","targetHints":{"allow":["GET"]}}],"collection":[{"href":"https:\/\/casafreitas.pt\/loja\/wp-json\/wp\/v2\/product"}],"about":[{"href":"https:\/\/casafreitas.pt\/loja\/wp-json\/wp\/v2\/types\/product"}],"replies":[{"embeddable":true,"href":"https:\/\/casafreitas.pt\/loja\/wp-json\/wp\/v2\/comments?post=73560"}],"version-history":[{"count":1,"href":"https:\/\/casafreitas.pt\/loja\/wp-json\/wp\/v2\/product\/73560\/revisions"}],"predecessor-version":[{"id":73561,"href":"https:\/\/casafreitas.pt\/loja\/wp-json\/wp\/v2\/product\/73560\/revisions\/73561"}],"wp:featuredmedia":[{"embeddable":true,"href":"https:\/\/casafreitas.pt\/loja\/wp-json\/wp\/v2\/media\/73559"}],"wp:attachment":[{"href":"https:\/\/casafreitas.pt\/loja\/wp-json\/wp\/v2\/media?parent=73560"}],"wp:term":[{"taxonomy":"product_brand","embeddable":true,"href":"https:\/\/casafreitas.pt\/loja\/wp-json\/wp\/v2\/product_brand?post=73560"},{"taxonomy":"product_cat","embeddable":true,"href":"https:\/\/casafreitas.pt\/loja\/wp-json\/wp\/v2\/product_cat?post=73560"},{"taxonomy":"product_tag","embeddable":true,"href":"https:\/\/casafreitas.pt\/loja\/wp-json\/wp\/v2\/product_tag?post=73560"}],"curies":[{"name":"wp","href":"https:\/\/api.w.org\/{rel}","templated":true}]}}