{"id":73338,"date":"2025-09-24T10:43:13","date_gmt":"2025-09-24T10:43:13","guid":{"rendered":"https:\/\/casafreitas.pt\/loja\/produto\/tesoura-costura-catala-5-125-cm\/"},"modified":"2025-10-30T22:50:36","modified_gmt":"2025-10-30T22:50:36","slug":"tesoura-costura-catala-5-125-cm","status":"publish","type":"product","link":"https:\/\/casafreitas.pt\/loja\/produto\/tesoura-costura-catala-5-125-cm\/","title":{"rendered":"Tesoura de costura catal\u00e3 5&#8243;- 12,5 cm"},"content":{"rendered":"","protected":false},"excerpt":{"rendered":"<p>Tesoura de costura catal\u00e3 5&#8243;- 12,5 cm alto desempenho para costura ou trabalho com corte preciso e borda dur\u00e1vel, forjada a quente, acabamento niquelado<\/p>\n","protected":false},"featured_media":73337,"comment_status":"open","ping_status":"closed","template":"","meta":[],"product_brand":[],"product_cat":[17737,18003],"product_tag":[],"class_list":{"0":"post-73338","1":"product","2":"type-product","3":"status-publish","4":"has-post-thumbnail","6":"product_cat-tesoura-domestica-costura-casa-e-decoracao","7":"product_cat-casa-decoracao","9":"first","10":"instock","11":"taxable","12":"shipping-taxable","13":"purchasable","14":"product-type-simple"},"_links":{"self":[{"href":"https:\/\/casafreitas.pt\/loja\/wp-json\/wp\/v2\/product\/73338","targetHints":{"allow":["GET"]}}],"collection":[{"href":"https:\/\/casafreitas.pt\/loja\/wp-json\/wp\/v2\/product"}],"about":[{"href":"https:\/\/casafreitas.pt\/loja\/wp-json\/wp\/v2\/types\/product"}],"replies":[{"embeddable":true,"href":"https:\/\/casafreitas.pt\/loja\/wp-json\/wp\/v2\/comments?post=73338"}],"version-history":[{"count":1,"href":"https:\/\/casafreitas.pt\/loja\/wp-json\/wp\/v2\/product\/73338\/revisions"}],"predecessor-version":[{"id":73339,"href":"https:\/\/casafreitas.pt\/loja\/wp-json\/wp\/v2\/product\/73338\/revisions\/73339"}],"wp:featuredmedia":[{"embeddable":true,"href":"https:\/\/casafreitas.pt\/loja\/wp-json\/wp\/v2\/media\/73337"}],"wp:attachment":[{"href":"https:\/\/casafreitas.pt\/loja\/wp-json\/wp\/v2\/media?parent=73338"}],"wp:term":[{"taxonomy":"product_brand","embeddable":true,"href":"https:\/\/casafreitas.pt\/loja\/wp-json\/wp\/v2\/product_brand?post=73338"},{"taxonomy":"product_cat","embeddable":true,"href":"https:\/\/casafreitas.pt\/loja\/wp-json\/wp\/v2\/product_cat?post=73338"},{"taxonomy":"product_tag","embeddable":true,"href":"https:\/\/casafreitas.pt\/loja\/wp-json\/wp\/v2\/product_tag?post=73338"}],"curies":[{"name":"wp","href":"https:\/\/api.w.org\/{rel}","templated":true}]}}