{"id":73131,"date":"2025-09-24T10:34:28","date_gmt":"2025-09-24T10:34:28","guid":{"rendered":"https:\/\/casafreitas.pt\/loja\/produto\/espelho-led-colecao-hollywood-37x9x405cm-branco-cores-modelos-diversos\/"},"modified":"2025-10-24T00:35:37","modified_gmt":"2025-10-24T00:35:37","slug":"espelho-led-colecao-hollywood-37x9x405cm-branco-cores-modelos-diversos","status":"publish","type":"product","link":"https:\/\/casafreitas.pt\/loja\/produto\/espelho-led-colecao-hollywood-37x9x405cm-branco-cores-modelos-diversos\/","title":{"rendered":"Espelho led cole\u00e7\u00e3o &#8221; hollywood&#8221; 37x9x40,5cm branco cores \/ modelos diversos"},"content":{"rendered":"","protected":false},"excerpt":{"rendered":"<p>Espelho led cole\u00e7\u00e3o &#8220;hollywood&#8221; dimens\u00f5es: 37x9x40.5cm (largura\/profundidade\/altura) branco funciona com 4xlr6\/aa pilhas n\u00e3o inclu\u00eddas. 2 fun\u00e7\u00f5es de ilumina\u00e7\u00e3o toque: luz fria ou quente 180\u00b0 rotativo espelho 6 leds cores \/ modelos diversos<\/p>\n","protected":false},"featured_media":73130,"comment_status":"open","ping_status":"closed","template":"","meta":[],"product_brand":[],"product_cat":[17557,18004],"product_tag":[],"class_list":{"0":"post-73131","1":"product","2":"type-product","3":"status-publish","4":"has-post-thumbnail","6":"product_cat-espelhos-de-casa-de-banho-construcao","7":"product_cat-construcao","9":"first","10":"instock","11":"taxable","12":"shipping-taxable","13":"purchasable","14":"product-type-simple"},"_links":{"self":[{"href":"https:\/\/casafreitas.pt\/loja\/wp-json\/wp\/v2\/product\/73131","targetHints":{"allow":["GET"]}}],"collection":[{"href":"https:\/\/casafreitas.pt\/loja\/wp-json\/wp\/v2\/product"}],"about":[{"href":"https:\/\/casafreitas.pt\/loja\/wp-json\/wp\/v2\/types\/product"}],"replies":[{"embeddable":true,"href":"https:\/\/casafreitas.pt\/loja\/wp-json\/wp\/v2\/comments?post=73131"}],"version-history":[{"count":1,"href":"https:\/\/casafreitas.pt\/loja\/wp-json\/wp\/v2\/product\/73131\/revisions"}],"predecessor-version":[{"id":73132,"href":"https:\/\/casafreitas.pt\/loja\/wp-json\/wp\/v2\/product\/73131\/revisions\/73132"}],"wp:featuredmedia":[{"embeddable":true,"href":"https:\/\/casafreitas.pt\/loja\/wp-json\/wp\/v2\/media\/73130"}],"wp:attachment":[{"href":"https:\/\/casafreitas.pt\/loja\/wp-json\/wp\/v2\/media?parent=73131"}],"wp:term":[{"taxonomy":"product_brand","embeddable":true,"href":"https:\/\/casafreitas.pt\/loja\/wp-json\/wp\/v2\/product_brand?post=73131"},{"taxonomy":"product_cat","embeddable":true,"href":"https:\/\/casafreitas.pt\/loja\/wp-json\/wp\/v2\/product_cat?post=73131"},{"taxonomy":"product_tag","embeddable":true,"href":"https:\/\/casafreitas.pt\/loja\/wp-json\/wp\/v2\/product_tag?post=73131"}],"curies":[{"name":"wp","href":"https:\/\/api.w.org\/{rel}","templated":true}]}}