{"id":72506,"date":"2025-09-24T10:06:41","date_gmt":"2025-09-24T10:06:41","guid":{"rendered":"https:\/\/casafreitas.pt\/loja\/produto\/relogio-parede-o25x3cm-3-cores-sortidas\/"},"modified":"2025-10-24T00:35:11","modified_gmt":"2025-10-24T00:35:11","slug":"relogio-parede-o25x3cm-3-cores-sortidas","status":"publish","type":"product","link":"https:\/\/casafreitas.pt\/loja\/produto\/relogio-parede-o25x3cm-3-cores-sortidas\/","title":{"rendered":"Rel\u00f3gio de parede \u00f825x3cm 3 cores sortidas"},"content":{"rendered":"","protected":false},"excerpt":{"rendered":"<p>Rel\u00f3gio de parede \u00f825x3cm 3 cores sortidas<\/p>\n","protected":false},"featured_media":72505,"comment_status":"open","ping_status":"closed","template":"","meta":[],"product_brand":[],"product_cat":[17728,18003],"product_tag":[],"class_list":{"0":"post-72506","1":"product","2":"type-product","3":"status-publish","4":"has-post-thumbnail","6":"product_cat-relogios-alarmes-casa-e-decoracao","7":"product_cat-casa-decoracao","9":"first","10":"instock","11":"taxable","12":"shipping-taxable","13":"purchasable","14":"product-type-simple"},"_links":{"self":[{"href":"https:\/\/casafreitas.pt\/loja\/wp-json\/wp\/v2\/product\/72506","targetHints":{"allow":["GET"]}}],"collection":[{"href":"https:\/\/casafreitas.pt\/loja\/wp-json\/wp\/v2\/product"}],"about":[{"href":"https:\/\/casafreitas.pt\/loja\/wp-json\/wp\/v2\/types\/product"}],"replies":[{"embeddable":true,"href":"https:\/\/casafreitas.pt\/loja\/wp-json\/wp\/v2\/comments?post=72506"}],"version-history":[{"count":1,"href":"https:\/\/casafreitas.pt\/loja\/wp-json\/wp\/v2\/product\/72506\/revisions"}],"predecessor-version":[{"id":72507,"href":"https:\/\/casafreitas.pt\/loja\/wp-json\/wp\/v2\/product\/72506\/revisions\/72507"}],"wp:featuredmedia":[{"embeddable":true,"href":"https:\/\/casafreitas.pt\/loja\/wp-json\/wp\/v2\/media\/72505"}],"wp:attachment":[{"href":"https:\/\/casafreitas.pt\/loja\/wp-json\/wp\/v2\/media?parent=72506"}],"wp:term":[{"taxonomy":"product_brand","embeddable":true,"href":"https:\/\/casafreitas.pt\/loja\/wp-json\/wp\/v2\/product_brand?post=72506"},{"taxonomy":"product_cat","embeddable":true,"href":"https:\/\/casafreitas.pt\/loja\/wp-json\/wp\/v2\/product_cat?post=72506"},{"taxonomy":"product_tag","embeddable":true,"href":"https:\/\/casafreitas.pt\/loja\/wp-json\/wp\/v2\/product_tag?post=72506"}],"curies":[{"name":"wp","href":"https:\/\/api.w.org\/{rel}","templated":true}]}}