{"id":72180,"date":"2025-09-24T09:46:31","date_gmt":"2025-09-24T09:46:31","guid":{"rendered":"https:\/\/casafreitas.pt\/loja\/produto\/filtro-para-lava-loica-80x50mm\/"},"modified":"2025-10-24T00:34:52","modified_gmt":"2025-10-24T00:34:52","slug":"filtro-para-lava-loica-80x50mm","status":"publish","type":"product","link":"https:\/\/casafreitas.pt\/loja\/produto\/filtro-para-lava-loica-80x50mm\/","title":{"rendered":"Filtro para lava-loi\u00e7a 80x50mm"},"content":{"rendered":"","protected":false},"excerpt":{"rendered":"<p>Filtro para lava-loi\u00e7a. medidas: 80x50mm. material: a\u00e7o inoxidavel<\/p>\n","protected":false},"featured_media":72179,"comment_status":"open","ping_status":"closed","template":"","meta":[],"product_brand":[],"product_cat":[17546,18004],"product_tag":[],"class_list":{"0":"post-72180","1":"product","2":"type-product","3":"status-publish","4":"has-post-thumbnail","6":"product_cat-dreno-construcao","7":"product_cat-construcao","9":"first","10":"instock","11":"taxable","12":"shipping-taxable","13":"purchasable","14":"product-type-simple"},"_links":{"self":[{"href":"https:\/\/casafreitas.pt\/loja\/wp-json\/wp\/v2\/product\/72180","targetHints":{"allow":["GET"]}}],"collection":[{"href":"https:\/\/casafreitas.pt\/loja\/wp-json\/wp\/v2\/product"}],"about":[{"href":"https:\/\/casafreitas.pt\/loja\/wp-json\/wp\/v2\/types\/product"}],"replies":[{"embeddable":true,"href":"https:\/\/casafreitas.pt\/loja\/wp-json\/wp\/v2\/comments?post=72180"}],"version-history":[{"count":1,"href":"https:\/\/casafreitas.pt\/loja\/wp-json\/wp\/v2\/product\/72180\/revisions"}],"predecessor-version":[{"id":72181,"href":"https:\/\/casafreitas.pt\/loja\/wp-json\/wp\/v2\/product\/72180\/revisions\/72181"}],"wp:featuredmedia":[{"embeddable":true,"href":"https:\/\/casafreitas.pt\/loja\/wp-json\/wp\/v2\/media\/72179"}],"wp:attachment":[{"href":"https:\/\/casafreitas.pt\/loja\/wp-json\/wp\/v2\/media?parent=72180"}],"wp:term":[{"taxonomy":"product_brand","embeddable":true,"href":"https:\/\/casafreitas.pt\/loja\/wp-json\/wp\/v2\/product_brand?post=72180"},{"taxonomy":"product_cat","embeddable":true,"href":"https:\/\/casafreitas.pt\/loja\/wp-json\/wp\/v2\/product_cat?post=72180"},{"taxonomy":"product_tag","embeddable":true,"href":"https:\/\/casafreitas.pt\/loja\/wp-json\/wp\/v2\/product_tag?post=72180"}],"curies":[{"name":"wp","href":"https:\/\/api.w.org\/{rel}","templated":true}]}}