{"id":71799,"date":"2025-09-24T09:28:47","date_gmt":"2025-09-24T09:28:47","guid":{"rendered":"https:\/\/casafreitas.pt\/loja\/produto\/porta-banheiro-exclusivo-15204100-wenko\/"},"modified":"2025-11-15T22:03:09","modified_gmt":"2025-11-15T22:03:09","slug":"porta-banheiro-exclusivo-15204100-wenko","status":"publish","type":"product","link":"https:\/\/casafreitas.pt\/loja\/produto\/porta-banheiro-exclusivo-15204100-wenko\/","title":{"rendered":"Porta banheiro exclusivo 15204100 wenko"},"content":{"rendered":"","protected":false},"excerpt":{"rendered":"<p>Porta banheiro exclusivo 15204100 wenko a\u00e7o inox polido, forma fechada. dimens\u00f5es aproximadas: \u00f810x40cm (di\u00e2metro\/altura)<\/p>\n","protected":false},"featured_media":71798,"comment_status":"open","ping_status":"closed","template":"","meta":[],"product_brand":[],"product_cat":[12473,18004],"product_tag":[],"class_list":{"0":"post-71799","1":"product","2":"type-product","3":"status-publish","4":"has-post-thumbnail","6":"product_cat-porta-rolo-porta-escovas","7":"product_cat-construcao","9":"first","10":"instock","11":"taxable","12":"shipping-taxable","13":"purchasable","14":"product-type-simple"},"_links":{"self":[{"href":"https:\/\/casafreitas.pt\/loja\/wp-json\/wp\/v2\/product\/71799","targetHints":{"allow":["GET"]}}],"collection":[{"href":"https:\/\/casafreitas.pt\/loja\/wp-json\/wp\/v2\/product"}],"about":[{"href":"https:\/\/casafreitas.pt\/loja\/wp-json\/wp\/v2\/types\/product"}],"replies":[{"embeddable":true,"href":"https:\/\/casafreitas.pt\/loja\/wp-json\/wp\/v2\/comments?post=71799"}],"version-history":[{"count":1,"href":"https:\/\/casafreitas.pt\/loja\/wp-json\/wp\/v2\/product\/71799\/revisions"}],"predecessor-version":[{"id":71800,"href":"https:\/\/casafreitas.pt\/loja\/wp-json\/wp\/v2\/product\/71799\/revisions\/71800"}],"wp:featuredmedia":[{"embeddable":true,"href":"https:\/\/casafreitas.pt\/loja\/wp-json\/wp\/v2\/media\/71798"}],"wp:attachment":[{"href":"https:\/\/casafreitas.pt\/loja\/wp-json\/wp\/v2\/media?parent=71799"}],"wp:term":[{"taxonomy":"product_brand","embeddable":true,"href":"https:\/\/casafreitas.pt\/loja\/wp-json\/wp\/v2\/product_brand?post=71799"},{"taxonomy":"product_cat","embeddable":true,"href":"https:\/\/casafreitas.pt\/loja\/wp-json\/wp\/v2\/product_cat?post=71799"},{"taxonomy":"product_tag","embeddable":true,"href":"https:\/\/casafreitas.pt\/loja\/wp-json\/wp\/v2\/product_tag?post=71799"}],"curies":[{"name":"wp","href":"https:\/\/api.w.org\/{rel}","templated":true}]}}