{"id":71475,"date":"2025-09-24T09:14:52","date_gmt":"2025-09-24T09:14:52","guid":{"rendered":"https:\/\/casafreitas.pt\/loja\/produto\/tubo-agua-flexivel-para-conexao-inoxidavel-m-f-1-2-3-8-30cm-edm\/"},"modified":"2025-10-24T00:34:14","modified_gmt":"2025-10-24T00:34:14","slug":"tubo-agua-flexivel-para-conexao-inoxidavel-m-f-1-2-3-8-30cm-edm","status":"publish","type":"product","link":"https:\/\/casafreitas.pt\/loja\/produto\/tubo-agua-flexivel-para-conexao-inoxidavel-m-f-1-2-3-8-30cm-edm\/","title":{"rendered":"Tubo de \u00e1gua flex\u00edvel para conex\u00e3o inoxidavel m-f 1\/2-3\/8 &#8211; 30cm edm"},"content":{"rendered":"","protected":false},"excerpt":{"rendered":"<p>Liga\u00e7\u00e3o de \u00e1gua pot\u00e1vel. mangueira flex\u00edvel de a\u00e7o inoxid\u00e1vel. macho\/f\u00eamea 1\/2-3\/8 &#8211; 30cm (com aba para pendurar) edm<\/p>\n","protected":false},"featured_media":71474,"comment_status":"open","ping_status":"closed","template":"","meta":[],"product_brand":[],"product_cat":[17600,18004],"product_tag":[],"class_list":{"0":"post-71475","1":"product","2":"type-product","3":"status-publish","4":"has-post-thumbnail","6":"product_cat-mangueiras-construcao","7":"product_cat-construcao","9":"first","10":"instock","11":"taxable","12":"shipping-taxable","13":"purchasable","14":"product-type-simple"},"_links":{"self":[{"href":"https:\/\/casafreitas.pt\/loja\/wp-json\/wp\/v2\/product\/71475","targetHints":{"allow":["GET"]}}],"collection":[{"href":"https:\/\/casafreitas.pt\/loja\/wp-json\/wp\/v2\/product"}],"about":[{"href":"https:\/\/casafreitas.pt\/loja\/wp-json\/wp\/v2\/types\/product"}],"replies":[{"embeddable":true,"href":"https:\/\/casafreitas.pt\/loja\/wp-json\/wp\/v2\/comments?post=71475"}],"version-history":[{"count":1,"href":"https:\/\/casafreitas.pt\/loja\/wp-json\/wp\/v2\/product\/71475\/revisions"}],"predecessor-version":[{"id":71476,"href":"https:\/\/casafreitas.pt\/loja\/wp-json\/wp\/v2\/product\/71475\/revisions\/71476"}],"wp:featuredmedia":[{"embeddable":true,"href":"https:\/\/casafreitas.pt\/loja\/wp-json\/wp\/v2\/media\/71474"}],"wp:attachment":[{"href":"https:\/\/casafreitas.pt\/loja\/wp-json\/wp\/v2\/media?parent=71475"}],"wp:term":[{"taxonomy":"product_brand","embeddable":true,"href":"https:\/\/casafreitas.pt\/loja\/wp-json\/wp\/v2\/product_brand?post=71475"},{"taxonomy":"product_cat","embeddable":true,"href":"https:\/\/casafreitas.pt\/loja\/wp-json\/wp\/v2\/product_cat?post=71475"},{"taxonomy":"product_tag","embeddable":true,"href":"https:\/\/casafreitas.pt\/loja\/wp-json\/wp\/v2\/product_tag?post=71475"}],"curies":[{"name":"wp","href":"https:\/\/api.w.org\/{rel}","templated":true}]}}