{"id":71457,"date":"2025-09-24T09:14:10","date_gmt":"2025-09-24T09:14:10","guid":{"rendered":"https:\/\/casafreitas.pt\/loja\/produto\/tubo-agua-flexivel-para-conexao-inoxidavel-f-f-3-8-1-2-25cm-edm\/"},"modified":"2025-10-24T00:34:13","modified_gmt":"2025-10-24T00:34:13","slug":"tubo-agua-flexivel-para-conexao-inoxidavel-f-f-3-8-1-2-25cm-edm","status":"publish","type":"product","link":"https:\/\/casafreitas.pt\/loja\/produto\/tubo-agua-flexivel-para-conexao-inoxidavel-f-f-3-8-1-2-25cm-edm\/","title":{"rendered":"Tubo de \u00e1gua flex\u00edvel para conex\u00e3o inoxidavel f-f 3\/8-1\/2 &#8211; 25cm edm"},"content":{"rendered":"","protected":false},"excerpt":{"rendered":"<p>Liga\u00e7\u00e3o de \u00e1gua pot\u00e1vel. mangueira flex\u00edvel de a\u00e7o inoxid\u00e1vel. f\u00eamea\/f\u00eamea 3\/8-1\/2 &#8211; 25cm (com aba para pendurar) edm<\/p>\n","protected":false},"featured_media":71456,"comment_status":"open","ping_status":"closed","template":"","meta":[],"product_brand":[],"product_cat":[17600,18004],"product_tag":[],"class_list":{"0":"post-71457","1":"product","2":"type-product","3":"status-publish","4":"has-post-thumbnail","6":"product_cat-mangueiras-construcao","7":"product_cat-construcao","9":"first","10":"instock","11":"taxable","12":"shipping-taxable","13":"purchasable","14":"product-type-simple"},"_links":{"self":[{"href":"https:\/\/casafreitas.pt\/loja\/wp-json\/wp\/v2\/product\/71457","targetHints":{"allow":["GET"]}}],"collection":[{"href":"https:\/\/casafreitas.pt\/loja\/wp-json\/wp\/v2\/product"}],"about":[{"href":"https:\/\/casafreitas.pt\/loja\/wp-json\/wp\/v2\/types\/product"}],"replies":[{"embeddable":true,"href":"https:\/\/casafreitas.pt\/loja\/wp-json\/wp\/v2\/comments?post=71457"}],"version-history":[{"count":1,"href":"https:\/\/casafreitas.pt\/loja\/wp-json\/wp\/v2\/product\/71457\/revisions"}],"predecessor-version":[{"id":71458,"href":"https:\/\/casafreitas.pt\/loja\/wp-json\/wp\/v2\/product\/71457\/revisions\/71458"}],"wp:featuredmedia":[{"embeddable":true,"href":"https:\/\/casafreitas.pt\/loja\/wp-json\/wp\/v2\/media\/71456"}],"wp:attachment":[{"href":"https:\/\/casafreitas.pt\/loja\/wp-json\/wp\/v2\/media?parent=71457"}],"wp:term":[{"taxonomy":"product_brand","embeddable":true,"href":"https:\/\/casafreitas.pt\/loja\/wp-json\/wp\/v2\/product_brand?post=71457"},{"taxonomy":"product_cat","embeddable":true,"href":"https:\/\/casafreitas.pt\/loja\/wp-json\/wp\/v2\/product_cat?post=71457"},{"taxonomy":"product_tag","embeddable":true,"href":"https:\/\/casafreitas.pt\/loja\/wp-json\/wp\/v2\/product_tag?post=71457"}],"curies":[{"name":"wp","href":"https:\/\/api.w.org\/{rel}","templated":true}]}}