{"id":70965,"date":"2025-09-24T08:52:05","date_gmt":"2025-09-24T08:52:05","guid":{"rendered":"https:\/\/casafreitas.pt\/loja\/produto\/pack-2-lampadas-12v-21-5w-reposicao-automovel-dunlop\/"},"modified":"2025-10-24T00:33:47","modified_gmt":"2025-10-24T00:33:47","slug":"pack-2-lampadas-12v-21-5w-reposicao-automovel-dunlop","status":"publish","type":"product","link":"https:\/\/casafreitas.pt\/loja\/produto\/pack-2-lampadas-12v-21-5w-reposicao-automovel-dunlop\/","title":{"rendered":"Pack 2 l\u00e2mpadas 12v 21\/5w reposi\u00e7\u00e3o autom\u00f3vel dunlop"},"content":{"rendered":"","protected":false},"excerpt":{"rendered":"<p>Pack 2 l\u00e2mpadas 12v 21\/5w reposi\u00e7\u00e3o autom\u00f3vel dunlop<\/p>\n","protected":false},"featured_media":70964,"comment_status":"open","ping_status":"closed","template":"","meta":[],"product_brand":[],"product_cat":[17764,18005],"product_tag":[],"class_list":{"0":"post-70965","1":"product","2":"type-product","3":"status-publish","4":"has-post-thumbnail","6":"product_cat-lampadas-para-carro-fusiveis-para-carro-desporto-e-campismo","7":"product_cat-desporto-campismo","9":"first","10":"instock","11":"taxable","12":"shipping-taxable","13":"purchasable","14":"product-type-simple"},"_links":{"self":[{"href":"https:\/\/casafreitas.pt\/loja\/wp-json\/wp\/v2\/product\/70965","targetHints":{"allow":["GET"]}}],"collection":[{"href":"https:\/\/casafreitas.pt\/loja\/wp-json\/wp\/v2\/product"}],"about":[{"href":"https:\/\/casafreitas.pt\/loja\/wp-json\/wp\/v2\/types\/product"}],"replies":[{"embeddable":true,"href":"https:\/\/casafreitas.pt\/loja\/wp-json\/wp\/v2\/comments?post=70965"}],"version-history":[{"count":1,"href":"https:\/\/casafreitas.pt\/loja\/wp-json\/wp\/v2\/product\/70965\/revisions"}],"predecessor-version":[{"id":70966,"href":"https:\/\/casafreitas.pt\/loja\/wp-json\/wp\/v2\/product\/70965\/revisions\/70966"}],"wp:featuredmedia":[{"embeddable":true,"href":"https:\/\/casafreitas.pt\/loja\/wp-json\/wp\/v2\/media\/70964"}],"wp:attachment":[{"href":"https:\/\/casafreitas.pt\/loja\/wp-json\/wp\/v2\/media?parent=70965"}],"wp:term":[{"taxonomy":"product_brand","embeddable":true,"href":"https:\/\/casafreitas.pt\/loja\/wp-json\/wp\/v2\/product_brand?post=70965"},{"taxonomy":"product_cat","embeddable":true,"href":"https:\/\/casafreitas.pt\/loja\/wp-json\/wp\/v2\/product_cat?post=70965"},{"taxonomy":"product_tag","embeddable":true,"href":"https:\/\/casafreitas.pt\/loja\/wp-json\/wp\/v2\/product_tag?post=70965"}],"curies":[{"name":"wp","href":"https:\/\/api.w.org\/{rel}","templated":true}]}}