{"id":70350,"date":"2025-09-24T08:23:59","date_gmt":"2025-09-24T08:23:59","guid":{"rendered":"https:\/\/casafreitas.pt\/loja\/produto\/caixa-correio-individual-exterior-media-classic-poliestireno-verde-27-x-11-x-346-cm\/"},"modified":"2025-10-24T00:33:28","modified_gmt":"2025-10-24T00:33:28","slug":"caixa-correio-individual-exterior-media-classic-poliestireno-verde-27-x-11-x-346-cm","status":"publish","type":"product","link":"https:\/\/casafreitas.pt\/loja\/produto\/caixa-correio-individual-exterior-media-classic-poliestireno-verde-27-x-11-x-346-cm\/","title":{"rendered":"Caixa de correio individual exterior, m\u00e9dia, classic, poliestireno, verde, 27 x 11 x 34,6 cm"},"content":{"rendered":"","protected":false},"excerpt":{"rendered":"<p>Caixa de correio individual para exterior tamanho m (a4), fabricada em pl\u00e1stico poliestireno verde; tampa superior que oculta a boca e a protege da \u00e1gua, ideal para zonas costeiras ou muito h\u00famidas; abertura de porta vertical; inclui suporte para cart\u00f5es, duas chaves e parafusos; resistente aos raios uv; medidas: boca 20 x 2,5 cm, exterior 27 x 11 x 34,6 cm<\/p>\n","protected":false},"featured_media":70349,"comment_status":"open","ping_status":"closed","template":"","meta":[],"product_brand":[],"product_cat":[17685,18003],"product_tag":[12460],"class_list":{"0":"post-70350","1":"product","2":"type-product","3":"status-publish","4":"has-post-thumbnail","6":"product_cat-caixas-de-correio-casa-e-decoracao","7":"product_cat-casa-decoracao","8":"product_tag-arregui","10":"first","11":"instock","12":"taxable","13":"shipping-taxable","14":"purchasable","15":"product-type-simple"},"_links":{"self":[{"href":"https:\/\/casafreitas.pt\/loja\/wp-json\/wp\/v2\/product\/70350","targetHints":{"allow":["GET"]}}],"collection":[{"href":"https:\/\/casafreitas.pt\/loja\/wp-json\/wp\/v2\/product"}],"about":[{"href":"https:\/\/casafreitas.pt\/loja\/wp-json\/wp\/v2\/types\/product"}],"replies":[{"embeddable":true,"href":"https:\/\/casafreitas.pt\/loja\/wp-json\/wp\/v2\/comments?post=70350"}],"version-history":[{"count":1,"href":"https:\/\/casafreitas.pt\/loja\/wp-json\/wp\/v2\/product\/70350\/revisions"}],"predecessor-version":[{"id":70351,"href":"https:\/\/casafreitas.pt\/loja\/wp-json\/wp\/v2\/product\/70350\/revisions\/70351"}],"wp:featuredmedia":[{"embeddable":true,"href":"https:\/\/casafreitas.pt\/loja\/wp-json\/wp\/v2\/media\/70349"}],"wp:attachment":[{"href":"https:\/\/casafreitas.pt\/loja\/wp-json\/wp\/v2\/media?parent=70350"}],"wp:term":[{"taxonomy":"product_brand","embeddable":true,"href":"https:\/\/casafreitas.pt\/loja\/wp-json\/wp\/v2\/product_brand?post=70350"},{"taxonomy":"product_cat","embeddable":true,"href":"https:\/\/casafreitas.pt\/loja\/wp-json\/wp\/v2\/product_cat?post=70350"},{"taxonomy":"product_tag","embeddable":true,"href":"https:\/\/casafreitas.pt\/loja\/wp-json\/wp\/v2\/product_tag?post=70350"}],"curies":[{"name":"wp","href":"https:\/\/api.w.org\/{rel}","templated":true}]}}