{"id":70335,"date":"2025-09-24T08:23:23","date_gmt":"2025-09-24T08:23:23","guid":{"rendered":"https:\/\/casafreitas.pt\/loja\/produto\/caixa-correio-individual-exterior-media-visit-aco-verde-30-x-11-x-36-cm\/"},"modified":"2025-10-24T00:33:28","modified_gmt":"2025-10-24T00:33:28","slug":"caixa-correio-individual-exterior-media-visit-aco-verde-30-x-11-x-36-cm","status":"publish","type":"product","link":"https:\/\/casafreitas.pt\/loja\/produto\/caixa-correio-individual-exterior-media-visit-aco-verde-30-x-11-x-36-cm\/","title":{"rendered":"Caixa de correio individual exterior, m\u00e9dia, visit, a\u00e7o, verde, 30 x 11 x 36 cm"},"content":{"rendered":"","protected":false},"excerpt":{"rendered":"<p>Caixa de correio individual para exterior tamanho m (a4), fabricada em a\u00e7o galvanizado lacado em verde, com telhado decorativo que repele a \u00e1gua da chuva; abertura de porta lateral; inclui suporte para cart\u00f5es, duas chaves e parafusos; resistente aos raios uv; medidas: boca 22,8 x 2,2 cm, exterior 30 x 11 x 36 cm<\/p>\n","protected":false},"featured_media":70334,"comment_status":"open","ping_status":"closed","template":"","meta":[],"product_brand":[],"product_cat":[17685,18003],"product_tag":[12460],"class_list":{"0":"post-70335","1":"product","2":"type-product","3":"status-publish","4":"has-post-thumbnail","6":"product_cat-caixas-de-correio-casa-e-decoracao","7":"product_cat-casa-decoracao","8":"product_tag-arregui","10":"first","11":"instock","12":"taxable","13":"shipping-taxable","14":"purchasable","15":"product-type-simple"},"_links":{"self":[{"href":"https:\/\/casafreitas.pt\/loja\/wp-json\/wp\/v2\/product\/70335","targetHints":{"allow":["GET"]}}],"collection":[{"href":"https:\/\/casafreitas.pt\/loja\/wp-json\/wp\/v2\/product"}],"about":[{"href":"https:\/\/casafreitas.pt\/loja\/wp-json\/wp\/v2\/types\/product"}],"replies":[{"embeddable":true,"href":"https:\/\/casafreitas.pt\/loja\/wp-json\/wp\/v2\/comments?post=70335"}],"version-history":[{"count":1,"href":"https:\/\/casafreitas.pt\/loja\/wp-json\/wp\/v2\/product\/70335\/revisions"}],"predecessor-version":[{"id":70336,"href":"https:\/\/casafreitas.pt\/loja\/wp-json\/wp\/v2\/product\/70335\/revisions\/70336"}],"wp:featuredmedia":[{"embeddable":true,"href":"https:\/\/casafreitas.pt\/loja\/wp-json\/wp\/v2\/media\/70334"}],"wp:attachment":[{"href":"https:\/\/casafreitas.pt\/loja\/wp-json\/wp\/v2\/media?parent=70335"}],"wp:term":[{"taxonomy":"product_brand","embeddable":true,"href":"https:\/\/casafreitas.pt\/loja\/wp-json\/wp\/v2\/product_brand?post=70335"},{"taxonomy":"product_cat","embeddable":true,"href":"https:\/\/casafreitas.pt\/loja\/wp-json\/wp\/v2\/product_cat?post=70335"},{"taxonomy":"product_tag","embeddable":true,"href":"https:\/\/casafreitas.pt\/loja\/wp-json\/wp\/v2\/product_tag?post=70335"}],"curies":[{"name":"wp","href":"https:\/\/api.w.org\/{rel}","templated":true}]}}