{"id":70030,"date":"2025-09-23T17:34:54","date_gmt":"2025-09-23T17:34:54","guid":{"rendered":"https:\/\/casafreitas.pt\/loja\/produto\/grelha-antiaderentes-para-fogoes-portateis\/"},"modified":"2025-10-24T00:33:19","modified_gmt":"2025-10-24T00:33:19","slug":"grelha-antiaderentes-para-fogoes-portateis","status":"publish","type":"product","link":"https:\/\/casafreitas.pt\/loja\/produto\/grelha-antiaderentes-para-fogoes-portateis\/","title":{"rendered":"Grelha antiaderentes para fog\u00f5es port\u00e1teis"},"content":{"rendered":"","protected":false},"excerpt":{"rendered":"<p>Grelha antiaderente para fog\u00f5es port\u00e1teis de acampamento, com bandeja coletora de gordura e gancho para manuseio, medidas \u00f831 x 4 cm<\/p>\n","protected":false},"featured_media":70029,"comment_status":"open","ping_status":"closed","template":"","meta":[],"product_brand":[],"product_cat":[17751,18005],"product_tag":[12417],"class_list":{"0":"post-70030","1":"product","2":"type-product","3":"status-publish","4":"has-post-thumbnail","6":"product_cat-cozinha-portatil-lampadas-a-gas-desporto-e-campismo","7":"product_cat-desporto-campismo","8":"product_tag-kemper","10":"first","11":"instock","12":"taxable","13":"shipping-taxable","14":"purchasable","15":"product-type-simple"},"_links":{"self":[{"href":"https:\/\/casafreitas.pt\/loja\/wp-json\/wp\/v2\/product\/70030","targetHints":{"allow":["GET"]}}],"collection":[{"href":"https:\/\/casafreitas.pt\/loja\/wp-json\/wp\/v2\/product"}],"about":[{"href":"https:\/\/casafreitas.pt\/loja\/wp-json\/wp\/v2\/types\/product"}],"replies":[{"embeddable":true,"href":"https:\/\/casafreitas.pt\/loja\/wp-json\/wp\/v2\/comments?post=70030"}],"version-history":[{"count":1,"href":"https:\/\/casafreitas.pt\/loja\/wp-json\/wp\/v2\/product\/70030\/revisions"}],"predecessor-version":[{"id":70031,"href":"https:\/\/casafreitas.pt\/loja\/wp-json\/wp\/v2\/product\/70030\/revisions\/70031"}],"wp:featuredmedia":[{"embeddable":true,"href":"https:\/\/casafreitas.pt\/loja\/wp-json\/wp\/v2\/media\/70029"}],"wp:attachment":[{"href":"https:\/\/casafreitas.pt\/loja\/wp-json\/wp\/v2\/media?parent=70030"}],"wp:term":[{"taxonomy":"product_brand","embeddable":true,"href":"https:\/\/casafreitas.pt\/loja\/wp-json\/wp\/v2\/product_brand?post=70030"},{"taxonomy":"product_cat","embeddable":true,"href":"https:\/\/casafreitas.pt\/loja\/wp-json\/wp\/v2\/product_cat?post=70030"},{"taxonomy":"product_tag","embeddable":true,"href":"https:\/\/casafreitas.pt\/loja\/wp-json\/wp\/v2\/product_tag?post=70030"}],"curies":[{"name":"wp","href":"https:\/\/api.w.org\/{rel}","templated":true}]}}