{"id":68392,"date":"2025-09-23T16:26:50","date_gmt":"2025-09-23T16:26:50","guid":{"rendered":"https:\/\/casafreitas.pt\/loja\/produto\/pack-2-substituicao-com-cordel-244m-nite-ize\/"},"modified":"2025-10-24T00:32:03","modified_gmt":"2025-10-24T00:32:03","slug":"pack-2-substituicao-com-cordel-244m-nite-ize","status":"publish","type":"product","link":"https:\/\/casafreitas.pt\/loja\/produto\/pack-2-substituicao-com-cordel-244m-nite-ize\/","title":{"rendered":"Pack 2 n\u00f3s de substitui\u00e7\u00e3o com cordel 2,44m, nite ize"},"content":{"rendered":"","protected":false},"excerpt":{"rendered":"<p>Pack 2 n\u00f3s substitutos com cordel 2,44m; para di\u00e2metro de cabo entre 2 e 5mm, desenolvido para travar com seguran\u00e7a no seu lugar com simplesmente puxar o cordel. o nite ize camjam \u00e9 uma maneira f\u00e1cil e sem n\u00f3s de apertar, tensar e assegurar cargas leves de todos os tipos. feito de pl\u00e1stico resistente e duradouro, apresenta um mosquet\u00e3o com alavanca de a\u00e7o inoxid\u00e1vel numa extremidade e um mecanismo de cam girat\u00f3rio e estriado na outra. basta com prender o mosquet\u00e3o em qualquer gancho, anel d ou la\u00e7o e passar o cabo pelo cam at\u00e9 atingir o n\u00edvel de tens\u00e3o desejado. puxe com firmeza, e o cam assegurar\u00e1 o objeto no seu lugar e permanecer\u00e1 bloqueado at\u00e9 que o queir\u00e1 retirar rodando o cam. f\u00e1cil de ajustar e reajustar, o camjam \u00e9 feito para ser usado e reutilizado centenas de vezes, de centenas<\/p>\n","protected":false},"featured_media":68391,"comment_status":"open","ping_status":"closed","template":"","meta":[],"product_brand":[],"product_cat":[17754,18005],"product_tag":[],"class_list":{"0":"post-68392","1":"product","2":"type-product","3":"status-publish","4":"has-post-thumbnail","6":"product_cat-elastico-com-gancho-correias-de-amarre-desporto-e-campismo","7":"product_cat-desporto-campismo","9":"first","10":"instock","11":"taxable","12":"shipping-taxable","13":"purchasable","14":"product-type-simple"},"_links":{"self":[{"href":"https:\/\/casafreitas.pt\/loja\/wp-json\/wp\/v2\/product\/68392","targetHints":{"allow":["GET"]}}],"collection":[{"href":"https:\/\/casafreitas.pt\/loja\/wp-json\/wp\/v2\/product"}],"about":[{"href":"https:\/\/casafreitas.pt\/loja\/wp-json\/wp\/v2\/types\/product"}],"replies":[{"embeddable":true,"href":"https:\/\/casafreitas.pt\/loja\/wp-json\/wp\/v2\/comments?post=68392"}],"version-history":[{"count":1,"href":"https:\/\/casafreitas.pt\/loja\/wp-json\/wp\/v2\/product\/68392\/revisions"}],"predecessor-version":[{"id":68393,"href":"https:\/\/casafreitas.pt\/loja\/wp-json\/wp\/v2\/product\/68392\/revisions\/68393"}],"wp:featuredmedia":[{"embeddable":true,"href":"https:\/\/casafreitas.pt\/loja\/wp-json\/wp\/v2\/media\/68391"}],"wp:attachment":[{"href":"https:\/\/casafreitas.pt\/loja\/wp-json\/wp\/v2\/media?parent=68392"}],"wp:term":[{"taxonomy":"product_brand","embeddable":true,"href":"https:\/\/casafreitas.pt\/loja\/wp-json\/wp\/v2\/product_brand?post=68392"},{"taxonomy":"product_cat","embeddable":true,"href":"https:\/\/casafreitas.pt\/loja\/wp-json\/wp\/v2\/product_cat?post=68392"},{"taxonomy":"product_tag","embeddable":true,"href":"https:\/\/casafreitas.pt\/loja\/wp-json\/wp\/v2\/product_tag?post=68392"}],"curies":[{"name":"wp","href":"https:\/\/api.w.org\/{rel}","templated":true}]}}