{"id":67747,"date":"2025-09-23T16:01:19","date_gmt":"2025-09-23T16:01:19","guid":{"rendered":"https:\/\/casafreitas.pt\/loja\/produto\/fogao-gas-butano-propano-esmaltado-2-bocas-preto-570-x-300-x-65-mm\/"},"modified":"2025-10-24T00:31:27","modified_gmt":"2025-10-24T00:31:27","slug":"fogao-gas-butano-propano-esmaltado-2-bocas-preto-570-x-300-x-65-mm","status":"publish","type":"product","link":"https:\/\/casafreitas.pt\/loja\/produto\/fogao-gas-butano-propano-esmaltado-2-bocas-preto-570-x-300-x-65-mm\/","title":{"rendered":"Fog\u00e3o a g\u00e1s butano\/propano esmaltado de 2 bocas, preto, 570 x 300 x 65 mm"},"content":{"rendered":"","protected":false},"excerpt":{"rendered":"<p>Cocina de gas butano\/propano con dos quemadores, de acero inoxidable, de alta potencia. estable y robusta, con tapa y parrilla extra\u00edble para una limpieza \u00f3ptima; soporte giratorio para tubo, cubrepatas de pl\u00e1stico antideslizantes; el quemador est\u00e1 firmemente fijado para facilitar su transporte; color negro; potencia: 1,4 \/ 1,2 kw; 570 x 300 x 65 mm<\/p>\n","protected":false},"featured_media":67746,"comment_status":"open","ping_status":"closed","template":"","meta":[],"product_brand":[],"product_cat":[12416,18005],"product_tag":[12417],"class_list":{"0":"post-67747","1":"product","2":"type-product","3":"status-publish","4":"has-post-thumbnail","6":"product_cat-fogoes-a-gas","7":"product_cat-desporto-campismo","8":"product_tag-kemper","10":"first","11":"instock","12":"taxable","13":"shipping-taxable","14":"purchasable","15":"product-type-simple"},"_links":{"self":[{"href":"https:\/\/casafreitas.pt\/loja\/wp-json\/wp\/v2\/product\/67747","targetHints":{"allow":["GET"]}}],"collection":[{"href":"https:\/\/casafreitas.pt\/loja\/wp-json\/wp\/v2\/product"}],"about":[{"href":"https:\/\/casafreitas.pt\/loja\/wp-json\/wp\/v2\/types\/product"}],"replies":[{"embeddable":true,"href":"https:\/\/casafreitas.pt\/loja\/wp-json\/wp\/v2\/comments?post=67747"}],"version-history":[{"count":1,"href":"https:\/\/casafreitas.pt\/loja\/wp-json\/wp\/v2\/product\/67747\/revisions"}],"predecessor-version":[{"id":67748,"href":"https:\/\/casafreitas.pt\/loja\/wp-json\/wp\/v2\/product\/67747\/revisions\/67748"}],"wp:featuredmedia":[{"embeddable":true,"href":"https:\/\/casafreitas.pt\/loja\/wp-json\/wp\/v2\/media\/67746"}],"wp:attachment":[{"href":"https:\/\/casafreitas.pt\/loja\/wp-json\/wp\/v2\/media?parent=67747"}],"wp:term":[{"taxonomy":"product_brand","embeddable":true,"href":"https:\/\/casafreitas.pt\/loja\/wp-json\/wp\/v2\/product_brand?post=67747"},{"taxonomy":"product_cat","embeddable":true,"href":"https:\/\/casafreitas.pt\/loja\/wp-json\/wp\/v2\/product_cat?post=67747"},{"taxonomy":"product_tag","embeddable":true,"href":"https:\/\/casafreitas.pt\/loja\/wp-json\/wp\/v2\/product_tag?post=67747"}],"curies":[{"name":"wp","href":"https:\/\/api.w.org\/{rel}","templated":true}]}}