{"id":67426,"date":"2025-09-23T14:42:35","date_gmt":"2025-09-23T14:42:35","guid":{"rendered":"https:\/\/casafreitas.pt\/loja\/produto\/ms-ultra-aperto-cinzento-290ml-572471\/"},"modified":"2025-10-24T00:31:05","modified_gmt":"2025-10-24T00:31:05","slug":"ms-ultra-aperto-cinzento-290ml-572471","status":"publish","type":"product","link":"https:\/\/casafreitas.pt\/loja\/produto\/ms-ultra-aperto-cinzento-290ml-572471\/","title":{"rendered":"Ms ultra aperto cinzento 290ml 572471"},"content":{"rendered":"","protected":false},"excerpt":{"rendered":"<p>Ms ultra aperto cor cinzento 290ml fischer. vedante adesivo mono-componente de elevadas presta\u00e7\u00f5es mec\u00e2nicas, desenhado para o vedante e ao pegamento de materiais diversos. apresenta uma excelente resist\u00eancia a descolora\u00e7\u00e3o por exposi\u00e7\u00e3o aos raios u.v. n\u00e3o cont\u00e9m nem dissolventes, nem silicona, nem isocianatos e \u00e9 inodoro. aplic\u00e1vel sobre suportes h\u00famidos ou molhados. possibilidade de pintar-lo durante as primeiras horas depois da aplica\u00e7\u00e3o.<\/p>\n","protected":false},"featured_media":67425,"comment_status":"open","ping_status":"closed","template":"","meta":[],"product_brand":[],"product_cat":[12391,18004],"product_tag":[],"class_list":{"0":"post-67426","1":"product","2":"type-product","3":"status-publish","4":"has-post-thumbnail","6":"product_cat-adesivos-de-montagem","7":"product_cat-construcao","9":"first","10":"instock","11":"taxable","12":"shipping-taxable","13":"purchasable","14":"product-type-simple"},"_links":{"self":[{"href":"https:\/\/casafreitas.pt\/loja\/wp-json\/wp\/v2\/product\/67426","targetHints":{"allow":["GET"]}}],"collection":[{"href":"https:\/\/casafreitas.pt\/loja\/wp-json\/wp\/v2\/product"}],"about":[{"href":"https:\/\/casafreitas.pt\/loja\/wp-json\/wp\/v2\/types\/product"}],"replies":[{"embeddable":true,"href":"https:\/\/casafreitas.pt\/loja\/wp-json\/wp\/v2\/comments?post=67426"}],"version-history":[{"count":1,"href":"https:\/\/casafreitas.pt\/loja\/wp-json\/wp\/v2\/product\/67426\/revisions"}],"predecessor-version":[{"id":67427,"href":"https:\/\/casafreitas.pt\/loja\/wp-json\/wp\/v2\/product\/67426\/revisions\/67427"}],"wp:featuredmedia":[{"embeddable":true,"href":"https:\/\/casafreitas.pt\/loja\/wp-json\/wp\/v2\/media\/67425"}],"wp:attachment":[{"href":"https:\/\/casafreitas.pt\/loja\/wp-json\/wp\/v2\/media?parent=67426"}],"wp:term":[{"taxonomy":"product_brand","embeddable":true,"href":"https:\/\/casafreitas.pt\/loja\/wp-json\/wp\/v2\/product_brand?post=67426"},{"taxonomy":"product_cat","embeddable":true,"href":"https:\/\/casafreitas.pt\/loja\/wp-json\/wp\/v2\/product_cat?post=67426"},{"taxonomy":"product_tag","embeddable":true,"href":"https:\/\/casafreitas.pt\/loja\/wp-json\/wp\/v2\/product_tag?post=67426"}],"curies":[{"name":"wp","href":"https:\/\/api.w.org\/{rel}","templated":true}]}}