{"id":66877,"date":"2025-09-23T14:24:23","date_gmt":"2025-09-23T14:24:23","guid":{"rendered":"https:\/\/casafreitas.pt\/loja\/produto\/organizador-armario-com-10-compartimentos-15x30x122cm-tecido-sem-tecer-mondex\/"},"modified":"2025-10-24T00:30:43","modified_gmt":"2025-10-24T00:30:43","slug":"organizador-armario-com-10-compartimentos-15x30x122cm-tecido-sem-tecer-mondex","status":"publish","type":"product","link":"https:\/\/casafreitas.pt\/loja\/produto\/organizador-armario-com-10-compartimentos-15x30x122cm-tecido-sem-tecer-mondex\/","title":{"rendered":"Organizador de arm\u00e1rio com 10 compartimentos 15x30x122cm tecido sem tecer mondex"},"content":{"rendered":"","protected":false},"excerpt":{"rendered":"<p>Organizador de arm\u00e1rio com 10 compartimentos 15x30x122cm tecido sem tecer. material derivado da fus\u00e3o de fibras, duradouro, resistente, transpirante, el\u00e1stico e suave. mondex<\/p>\n","protected":false},"featured_media":66876,"comment_status":"open","ping_status":"closed","template":"","meta":[],"product_brand":[],"product_cat":[15456,18003],"product_tag":[],"class_list":{"0":"post-66877","1":"product","2":"type-product","3":"status-publish","4":"has-post-thumbnail","6":"product_cat-caixas-de-organizacao-de-plastico-casa-e-decoracao-49","7":"product_cat-casa-decoracao","9":"first","10":"instock","11":"taxable","12":"shipping-taxable","13":"purchasable","14":"product-type-simple"},"_links":{"self":[{"href":"https:\/\/casafreitas.pt\/loja\/wp-json\/wp\/v2\/product\/66877","targetHints":{"allow":["GET"]}}],"collection":[{"href":"https:\/\/casafreitas.pt\/loja\/wp-json\/wp\/v2\/product"}],"about":[{"href":"https:\/\/casafreitas.pt\/loja\/wp-json\/wp\/v2\/types\/product"}],"replies":[{"embeddable":true,"href":"https:\/\/casafreitas.pt\/loja\/wp-json\/wp\/v2\/comments?post=66877"}],"version-history":[{"count":1,"href":"https:\/\/casafreitas.pt\/loja\/wp-json\/wp\/v2\/product\/66877\/revisions"}],"predecessor-version":[{"id":66878,"href":"https:\/\/casafreitas.pt\/loja\/wp-json\/wp\/v2\/product\/66877\/revisions\/66878"}],"wp:featuredmedia":[{"embeddable":true,"href":"https:\/\/casafreitas.pt\/loja\/wp-json\/wp\/v2\/media\/66876"}],"wp:attachment":[{"href":"https:\/\/casafreitas.pt\/loja\/wp-json\/wp\/v2\/media?parent=66877"}],"wp:term":[{"taxonomy":"product_brand","embeddable":true,"href":"https:\/\/casafreitas.pt\/loja\/wp-json\/wp\/v2\/product_brand?post=66877"},{"taxonomy":"product_cat","embeddable":true,"href":"https:\/\/casafreitas.pt\/loja\/wp-json\/wp\/v2\/product_cat?post=66877"},{"taxonomy":"product_tag","embeddable":true,"href":"https:\/\/casafreitas.pt\/loja\/wp-json\/wp\/v2\/product_tag?post=66877"}],"curies":[{"name":"wp","href":"https:\/\/api.w.org\/{rel}","templated":true}]}}