{"id":64924,"date":"2025-09-23T09:49:25","date_gmt":"2025-09-23T09:49:25","guid":{"rendered":"https:\/\/casafreitas.pt\/loja\/produto\/brocas-para-metais-pedra-conjunto-9-pecas\/"},"modified":"2025-10-24T00:28:57","modified_gmt":"2025-10-24T00:28:57","slug":"brocas-para-metais-pedra-conjunto-9-pecas","status":"publish","type":"product","link":"https:\/\/casafreitas.pt\/loja\/produto\/brocas-para-metais-pedra-conjunto-9-pecas\/","title":{"rendered":"Brocas para metais e pedra, conjunto de 9 pe\u00e7as"},"content":{"rendered":"","protected":false},"excerpt":{"rendered":"<p>Conjunto de brocas de 9 pe\u00e7as para metais e pedra; dimens\u00f5es: 110 x 18 x 150 mm<\/p>\n","protected":false},"featured_media":64923,"comment_status":"open","ping_status":"closed","template":"","meta":[],"product_brand":[],"product_cat":[17432,11488],"product_tag":[],"class_list":{"0":"post-64924","1":"product","2":"type-product","3":"status-publish","4":"has-post-thumbnail","6":"product_cat-conjuntos-de-brocas-mistas-ferramentas","7":"product_cat-ferramentas","9":"first","10":"instock","11":"taxable","12":"shipping-taxable","13":"purchasable","14":"product-type-simple"},"_links":{"self":[{"href":"https:\/\/casafreitas.pt\/loja\/wp-json\/wp\/v2\/product\/64924","targetHints":{"allow":["GET"]}}],"collection":[{"href":"https:\/\/casafreitas.pt\/loja\/wp-json\/wp\/v2\/product"}],"about":[{"href":"https:\/\/casafreitas.pt\/loja\/wp-json\/wp\/v2\/types\/product"}],"replies":[{"embeddable":true,"href":"https:\/\/casafreitas.pt\/loja\/wp-json\/wp\/v2\/comments?post=64924"}],"version-history":[{"count":1,"href":"https:\/\/casafreitas.pt\/loja\/wp-json\/wp\/v2\/product\/64924\/revisions"}],"predecessor-version":[{"id":64925,"href":"https:\/\/casafreitas.pt\/loja\/wp-json\/wp\/v2\/product\/64924\/revisions\/64925"}],"wp:featuredmedia":[{"embeddable":true,"href":"https:\/\/casafreitas.pt\/loja\/wp-json\/wp\/v2\/media\/64923"}],"wp:attachment":[{"href":"https:\/\/casafreitas.pt\/loja\/wp-json\/wp\/v2\/media?parent=64924"}],"wp:term":[{"taxonomy":"product_brand","embeddable":true,"href":"https:\/\/casafreitas.pt\/loja\/wp-json\/wp\/v2\/product_brand?post=64924"},{"taxonomy":"product_cat","embeddable":true,"href":"https:\/\/casafreitas.pt\/loja\/wp-json\/wp\/v2\/product_cat?post=64924"},{"taxonomy":"product_tag","embeddable":true,"href":"https:\/\/casafreitas.pt\/loja\/wp-json\/wp\/v2\/product_tag?post=64924"}],"curies":[{"name":"wp","href":"https:\/\/api.w.org\/{rel}","templated":true}]}}