{"id":63883,"date":"2025-09-23T09:02:49","date_gmt":"2025-09-23T09:02:49","guid":{"rendered":"https:\/\/casafreitas.pt\/loja\/produto\/disco-diamante-stt-superpro-o115-mm\/"},"modified":"2025-10-24T00:28:07","modified_gmt":"2025-10-24T00:28:07","slug":"disco-diamante-stt-superpro-o115-mm","status":"publish","type":"product","link":"https:\/\/casafreitas.pt\/loja\/produto\/disco-diamante-stt-superpro-o115-mm\/","title":{"rendered":"Disco diamante stt superpro \u00f8115 mm"},"content":{"rendered":"","protected":false},"excerpt":{"rendered":"<p>Disco diamante stt \u00f8115 mm superpro. para corte, em seco e com rebarbadora, de qualquer tipo de material de obra como tijolo, bet\u00e3o, etc. todo terreno capaz de realizar cortes at\u00e9 em bet\u00e3o armado (hasta m\u00e1xima recomendada de 6mm). alma perfurada para reduzir as tens\u00f5es que se possam originar durante o corte e facilitar maior velocidade de corte<\/p>\n","protected":false},"featured_media":63882,"comment_status":"open","ping_status":"closed","template":"","meta":[],"product_brand":[],"product_cat":[17442,11488],"product_tag":[],"class_list":{"0":"post-63883","1":"product","2":"type-product","3":"status-publish","4":"has-post-thumbnail","6":"product_cat-discos-de-corte-para-moinhos-ferramentas","7":"product_cat-ferramentas","9":"first","10":"instock","11":"taxable","12":"shipping-taxable","13":"purchasable","14":"product-type-simple"},"_links":{"self":[{"href":"https:\/\/casafreitas.pt\/loja\/wp-json\/wp\/v2\/product\/63883","targetHints":{"allow":["GET"]}}],"collection":[{"href":"https:\/\/casafreitas.pt\/loja\/wp-json\/wp\/v2\/product"}],"about":[{"href":"https:\/\/casafreitas.pt\/loja\/wp-json\/wp\/v2\/types\/product"}],"replies":[{"embeddable":true,"href":"https:\/\/casafreitas.pt\/loja\/wp-json\/wp\/v2\/comments?post=63883"}],"version-history":[{"count":1,"href":"https:\/\/casafreitas.pt\/loja\/wp-json\/wp\/v2\/product\/63883\/revisions"}],"predecessor-version":[{"id":63884,"href":"https:\/\/casafreitas.pt\/loja\/wp-json\/wp\/v2\/product\/63883\/revisions\/63884"}],"wp:featuredmedia":[{"embeddable":true,"href":"https:\/\/casafreitas.pt\/loja\/wp-json\/wp\/v2\/media\/63882"}],"wp:attachment":[{"href":"https:\/\/casafreitas.pt\/loja\/wp-json\/wp\/v2\/media?parent=63883"}],"wp:term":[{"taxonomy":"product_brand","embeddable":true,"href":"https:\/\/casafreitas.pt\/loja\/wp-json\/wp\/v2\/product_brand?post=63883"},{"taxonomy":"product_cat","embeddable":true,"href":"https:\/\/casafreitas.pt\/loja\/wp-json\/wp\/v2\/product_cat?post=63883"},{"taxonomy":"product_tag","embeddable":true,"href":"https:\/\/casafreitas.pt\/loja\/wp-json\/wp\/v2\/product_tag?post=63883"}],"curies":[{"name":"wp","href":"https:\/\/api.w.org\/{rel}","templated":true}]}}