{"id":62857,"date":"2025-09-23T08:25:17","date_gmt":"2025-09-23T08:25:17","guid":{"rendered":"https:\/\/casafreitas.pt\/loja\/produto\/trincha-sintetica-triple-especial-agua-30-mm\/"},"modified":"2025-10-24T00:27:19","modified_gmt":"2025-10-24T00:27:19","slug":"trincha-sintetica-triple-especial-agua-30-mm","status":"publish","type":"product","link":"https:\/\/casafreitas.pt\/loja\/produto\/trincha-sintetica-triple-especial-agua-30-mm\/","title":{"rendered":"Trincha sintetica triple especial agua 30 mm"},"content":{"rendered":"","protected":false},"excerpt":{"rendered":"<p>Trincha sintetica triple especial agua 30 mm. com cabo de polipropileno. adequado para todos os tipos de pl\u00e1stico, acr\u00edlico e verniz \u00e0 base de \u00e1gua (n\u00e3o adequado para produtos que contenham solventes)<\/p>\n","protected":false},"featured_media":62856,"comment_status":"open","ping_status":"closed","template":"","meta":[],"product_brand":[],"product_cat":[17623,18004],"product_tag":[],"class_list":{"0":"post-62857","1":"product","2":"type-product","3":"status-publish","4":"has-post-thumbnail","6":"product_cat-pinceis-construcao","7":"product_cat-construcao","9":"first","10":"instock","11":"taxable","12":"shipping-taxable","13":"purchasable","14":"product-type-simple"},"_links":{"self":[{"href":"https:\/\/casafreitas.pt\/loja\/wp-json\/wp\/v2\/product\/62857","targetHints":{"allow":["GET"]}}],"collection":[{"href":"https:\/\/casafreitas.pt\/loja\/wp-json\/wp\/v2\/product"}],"about":[{"href":"https:\/\/casafreitas.pt\/loja\/wp-json\/wp\/v2\/types\/product"}],"replies":[{"embeddable":true,"href":"https:\/\/casafreitas.pt\/loja\/wp-json\/wp\/v2\/comments?post=62857"}],"version-history":[{"count":1,"href":"https:\/\/casafreitas.pt\/loja\/wp-json\/wp\/v2\/product\/62857\/revisions"}],"predecessor-version":[{"id":62858,"href":"https:\/\/casafreitas.pt\/loja\/wp-json\/wp\/v2\/product\/62857\/revisions\/62858"}],"wp:featuredmedia":[{"embeddable":true,"href":"https:\/\/casafreitas.pt\/loja\/wp-json\/wp\/v2\/media\/62856"}],"wp:attachment":[{"href":"https:\/\/casafreitas.pt\/loja\/wp-json\/wp\/v2\/media?parent=62857"}],"wp:term":[{"taxonomy":"product_brand","embeddable":true,"href":"https:\/\/casafreitas.pt\/loja\/wp-json\/wp\/v2\/product_brand?post=62857"},{"taxonomy":"product_cat","embeddable":true,"href":"https:\/\/casafreitas.pt\/loja\/wp-json\/wp\/v2\/product_cat?post=62857"},{"taxonomy":"product_tag","embeddable":true,"href":"https:\/\/casafreitas.pt\/loja\/wp-json\/wp\/v2\/product_tag?post=62857"}],"curies":[{"name":"wp","href":"https:\/\/api.w.org\/{rel}","templated":true}]}}