{"id":61216,"date":"2025-09-22T16:03:44","date_gmt":"2025-09-22T16:03:44","guid":{"rendered":"https:\/\/casafreitas.pt\/loja\/produto\/porco-latex-com-som-real-15cm-cores-sortidas-nayeco\/"},"modified":"2025-11-15T22:03:12","modified_gmt":"2025-11-15T22:03:12","slug":"porco-latex-com-som-real-15cm-cores-sortidas-nayeco","status":"publish","type":"product","link":"https:\/\/casafreitas.pt\/loja\/produto\/porco-latex-com-som-real-15cm-cores-sortidas-nayeco\/","title":{"rendered":"Porco de latex com som real 15cm cores sortidas nayeco"},"content":{"rendered":"","protected":false},"excerpt":{"rendered":"<p>Porco de l\u00e1tex com som real 15cm cores diversas brinquedos de l\u00e1tex s\u00e3o uma excelente escolha por ser um material macio e macio que n\u00e3o danifica as gengivas. al\u00e9m de ter um desenho original, \u00e9 f\u00e1cil de transportar para o nosso c\u00e3o por n\u00e3o pesar. com som real incentivamos nosso animal de estima\u00e7\u00e3o a brincar e no caso de filhotes a conhecer o ambiente atrav\u00e9s de diferentes est\u00edmulos sensoriais. nayeco<\/p>\n","protected":false},"featured_media":61215,"comment_status":"open","ping_status":"closed","template":"","meta":[],"product_brand":[],"product_cat":[12342,18002],"product_tag":[],"class_list":{"0":"post-61216","1":"product","2":"type-product","3":"status-publish","4":"has-post-thumbnail","6":"product_cat-jogos-animais-estimacao","7":"product_cat-animais-estimacao","9":"first","10":"instock","11":"taxable","12":"shipping-taxable","13":"purchasable","14":"product-type-simple"},"_links":{"self":[{"href":"https:\/\/casafreitas.pt\/loja\/wp-json\/wp\/v2\/product\/61216","targetHints":{"allow":["GET"]}}],"collection":[{"href":"https:\/\/casafreitas.pt\/loja\/wp-json\/wp\/v2\/product"}],"about":[{"href":"https:\/\/casafreitas.pt\/loja\/wp-json\/wp\/v2\/types\/product"}],"replies":[{"embeddable":true,"href":"https:\/\/casafreitas.pt\/loja\/wp-json\/wp\/v2\/comments?post=61216"}],"version-history":[{"count":1,"href":"https:\/\/casafreitas.pt\/loja\/wp-json\/wp\/v2\/product\/61216\/revisions"}],"predecessor-version":[{"id":61217,"href":"https:\/\/casafreitas.pt\/loja\/wp-json\/wp\/v2\/product\/61216\/revisions\/61217"}],"wp:featuredmedia":[{"embeddable":true,"href":"https:\/\/casafreitas.pt\/loja\/wp-json\/wp\/v2\/media\/61215"}],"wp:attachment":[{"href":"https:\/\/casafreitas.pt\/loja\/wp-json\/wp\/v2\/media?parent=61216"}],"wp:term":[{"taxonomy":"product_brand","embeddable":true,"href":"https:\/\/casafreitas.pt\/loja\/wp-json\/wp\/v2\/product_brand?post=61216"},{"taxonomy":"product_cat","embeddable":true,"href":"https:\/\/casafreitas.pt\/loja\/wp-json\/wp\/v2\/product_cat?post=61216"},{"taxonomy":"product_tag","embeddable":true,"href":"https:\/\/casafreitas.pt\/loja\/wp-json\/wp\/v2\/product_tag?post=61216"}],"curies":[{"name":"wp","href":"https:\/\/api.w.org\/{rel}","templated":true}]}}