{"id":61021,"date":"2025-09-22T15:34:33","date_gmt":"2025-09-22T15:34:33","guid":{"rendered":"https:\/\/casafreitas.pt\/loja\/produto\/gravata-grande-reutilizavel\/"},"modified":"2025-10-24T00:25:57","modified_gmt":"2025-10-24T00:25:57","slug":"gravata-grande-reutilizavel","status":"publish","type":"product","link":"https:\/\/casafreitas.pt\/loja\/produto\/gravata-grande-reutilizavel\/","title":{"rendered":"Gravata grande reutiliz\u00e1vel"},"content":{"rendered":"","protected":false},"excerpt":{"rendered":"<p>Abra\u00e7adeiras de cabo e produtos de gancho e la\u00e7o reutiliz\u00e1veis de m\u00e9dia porte. pode ser aberto e fechado pela sua fun\u00e7\u00e3o de liga\u00e7\u00e3o e liberta\u00e7\u00e3o r\u00e1pida. design de autoalinha\u00e7\u00e3o, autoajuste e autobloqueio; para vigas at\u00e9 2,5 cm. bot\u00e3o de liberta\u00e7\u00e3o, largura da ficha em d reutiliz\u00e1vel e ajust\u00e1vel, orif\u00edcio para corda, com puxador de transporte; material pol\u00edmero. interior \u00f8 6,5 cm. 10,8 x 10,5 x 1,1 cm<\/p>\n","protected":false},"featured_media":61020,"comment_status":"open","ping_status":"closed","template":"","meta":[],"product_brand":[],"product_cat":[12309,509],"product_tag":[12333],"class_list":{"0":"post-61021","1":"product","2":"type-product","3":"status-publish","4":"has-post-thumbnail","6":"product_cat-fixacao-de-cabos","7":"product_cat-imagem-e-som","8":"product_tag-cableclamp","10":"first","11":"instock","12":"taxable","13":"shipping-taxable","14":"purchasable","15":"product-type-simple"},"_links":{"self":[{"href":"https:\/\/casafreitas.pt\/loja\/wp-json\/wp\/v2\/product\/61021","targetHints":{"allow":["GET"]}}],"collection":[{"href":"https:\/\/casafreitas.pt\/loja\/wp-json\/wp\/v2\/product"}],"about":[{"href":"https:\/\/casafreitas.pt\/loja\/wp-json\/wp\/v2\/types\/product"}],"replies":[{"embeddable":true,"href":"https:\/\/casafreitas.pt\/loja\/wp-json\/wp\/v2\/comments?post=61021"}],"version-history":[{"count":1,"href":"https:\/\/casafreitas.pt\/loja\/wp-json\/wp\/v2\/product\/61021\/revisions"}],"predecessor-version":[{"id":61022,"href":"https:\/\/casafreitas.pt\/loja\/wp-json\/wp\/v2\/product\/61021\/revisions\/61022"}],"wp:featuredmedia":[{"embeddable":true,"href":"https:\/\/casafreitas.pt\/loja\/wp-json\/wp\/v2\/media\/61020"}],"wp:attachment":[{"href":"https:\/\/casafreitas.pt\/loja\/wp-json\/wp\/v2\/media?parent=61021"}],"wp:term":[{"taxonomy":"product_brand","embeddable":true,"href":"https:\/\/casafreitas.pt\/loja\/wp-json\/wp\/v2\/product_brand?post=61021"},{"taxonomy":"product_cat","embeddable":true,"href":"https:\/\/casafreitas.pt\/loja\/wp-json\/wp\/v2\/product_cat?post=61021"},{"taxonomy":"product_tag","embeddable":true,"href":"https:\/\/casafreitas.pt\/loja\/wp-json\/wp\/v2\/product_tag?post=61021"}],"curies":[{"name":"wp","href":"https:\/\/api.w.org\/{rel}","templated":true}]}}