{"id":60277,"date":"2025-09-22T15:11:18","date_gmt":"2025-09-22T15:11:18","guid":{"rendered":"https:\/\/casafreitas.pt\/loja\/produto\/suporte-universal-para-tv-22-47-polegadas-45kg-cor-preto\/"},"modified":"2025-10-24T00:25:23","modified_gmt":"2025-10-24T00:25:23","slug":"suporte-universal-para-tv-22-47-polegadas-45kg-cor-preto","status":"publish","type":"product","link":"https:\/\/casafreitas.pt\/loja\/produto\/suporte-universal-para-tv-22-47-polegadas-45kg-cor-preto\/","title":{"rendered":"Suporte universal para tv de 22-47 polegadas 45kg cor preto"},"content":{"rendered":"","protected":false},"excerpt":{"rendered":"<p>Suporte universal para tv de 22-47 polegadas 45kg cor preto inclinavel -15\u00b0\/+15\u00b0 vesa: max. 400x300mm. separa\u00e7\u00e3o de parede: 60mm inclui nivel para a instala\u00e7\u00e3o. compat\u00edvel com a maioria das marcas. f\u00e1cil instala\u00e7\u00e3o. inclui parafusos.<\/p>\n","protected":false},"featured_media":60276,"comment_status":"open","ping_status":"closed","template":"","meta":[],"product_brand":[],"product_cat":[509,12316],"product_tag":[],"class_list":{"0":"post-60277","1":"product","2":"type-product","3":"status-publish","4":"has-post-thumbnail","6":"product_cat-imagem-e-som","7":"product_cat-suportes-tv","9":"first","10":"instock","11":"taxable","12":"shipping-taxable","13":"purchasable","14":"product-type-simple"},"_links":{"self":[{"href":"https:\/\/casafreitas.pt\/loja\/wp-json\/wp\/v2\/product\/60277","targetHints":{"allow":["GET"]}}],"collection":[{"href":"https:\/\/casafreitas.pt\/loja\/wp-json\/wp\/v2\/product"}],"about":[{"href":"https:\/\/casafreitas.pt\/loja\/wp-json\/wp\/v2\/types\/product"}],"replies":[{"embeddable":true,"href":"https:\/\/casafreitas.pt\/loja\/wp-json\/wp\/v2\/comments?post=60277"}],"version-history":[{"count":1,"href":"https:\/\/casafreitas.pt\/loja\/wp-json\/wp\/v2\/product\/60277\/revisions"}],"predecessor-version":[{"id":60278,"href":"https:\/\/casafreitas.pt\/loja\/wp-json\/wp\/v2\/product\/60277\/revisions\/60278"}],"wp:featuredmedia":[{"embeddable":true,"href":"https:\/\/casafreitas.pt\/loja\/wp-json\/wp\/v2\/media\/60276"}],"wp:attachment":[{"href":"https:\/\/casafreitas.pt\/loja\/wp-json\/wp\/v2\/media?parent=60277"}],"wp:term":[{"taxonomy":"product_brand","embeddable":true,"href":"https:\/\/casafreitas.pt\/loja\/wp-json\/wp\/v2\/product_brand?post=60277"},{"taxonomy":"product_cat","embeddable":true,"href":"https:\/\/casafreitas.pt\/loja\/wp-json\/wp\/v2\/product_cat?post=60277"},{"taxonomy":"product_tag","embeddable":true,"href":"https:\/\/casafreitas.pt\/loja\/wp-json\/wp\/v2\/product_tag?post=60277"}],"curies":[{"name":"wp","href":"https:\/\/api.w.org\/{rel}","templated":true}]}}