{"id":60229,"date":"2025-09-22T15:09:35","date_gmt":"2025-09-22T15:09:35","guid":{"rendered":"https:\/\/casafreitas.pt\/loja\/produto\/pendrive-usb-basico-branco-32gb\/"},"modified":"2025-10-28T23:36:53","modified_gmt":"2025-10-28T23:36:53","slug":"pendrive-usb-basico-branco-32gb","status":"publish","type":"product","link":"https:\/\/casafreitas.pt\/loja\/produto\/pendrive-usb-basico-branco-32gb\/","title":{"rendered":"Pendrive usb b\u00e1sico branco 32gb"},"content":{"rendered":"","protected":false},"excerpt":{"rendered":"<p>Pendrive b\u00e1sico branco mem\u00f3ria usb com capacidade at\u00e9 32 gb<\/p>\n","protected":false},"featured_media":60228,"comment_status":"open","ping_status":"closed","template":"","meta":[],"product_brand":[],"product_cat":[509,12302],"product_tag":[],"class_list":{"0":"post-60229","1":"product","2":"type-product","3":"status-publish","4":"has-post-thumbnail","6":"product_cat-imagem-e-som","7":"product_cat-pen-drive","9":"first","10":"instock","11":"taxable","12":"shipping-taxable","13":"purchasable","14":"product-type-simple"},"_links":{"self":[{"href":"https:\/\/casafreitas.pt\/loja\/wp-json\/wp\/v2\/product\/60229","targetHints":{"allow":["GET"]}}],"collection":[{"href":"https:\/\/casafreitas.pt\/loja\/wp-json\/wp\/v2\/product"}],"about":[{"href":"https:\/\/casafreitas.pt\/loja\/wp-json\/wp\/v2\/types\/product"}],"replies":[{"embeddable":true,"href":"https:\/\/casafreitas.pt\/loja\/wp-json\/wp\/v2\/comments?post=60229"}],"version-history":[{"count":1,"href":"https:\/\/casafreitas.pt\/loja\/wp-json\/wp\/v2\/product\/60229\/revisions"}],"predecessor-version":[{"id":60230,"href":"https:\/\/casafreitas.pt\/loja\/wp-json\/wp\/v2\/product\/60229\/revisions\/60230"}],"wp:featuredmedia":[{"embeddable":true,"href":"https:\/\/casafreitas.pt\/loja\/wp-json\/wp\/v2\/media\/60228"}],"wp:attachment":[{"href":"https:\/\/casafreitas.pt\/loja\/wp-json\/wp\/v2\/media?parent=60229"}],"wp:term":[{"taxonomy":"product_brand","embeddable":true,"href":"https:\/\/casafreitas.pt\/loja\/wp-json\/wp\/v2\/product_brand?post=60229"},{"taxonomy":"product_cat","embeddable":true,"href":"https:\/\/casafreitas.pt\/loja\/wp-json\/wp\/v2\/product_cat?post=60229"},{"taxonomy":"product_tag","embeddable":true,"href":"https:\/\/casafreitas.pt\/loja\/wp-json\/wp\/v2\/product_tag?post=60229"}],"curies":[{"name":"wp","href":"https:\/\/api.w.org\/{rel}","templated":true}]}}