{"id":60217,"date":"2025-09-22T15:09:10","date_gmt":"2025-09-22T15:09:10","guid":{"rendered":"https:\/\/casafreitas.pt\/loja\/produto\/carregador-ultra-rapido-65-w-branco\/"},"modified":"2025-10-24T00:25:20","modified_gmt":"2025-10-24T00:25:20","slug":"carregador-ultra-rapido-65-w-branco","status":"publish","type":"product","link":"https:\/\/casafreitas.pt\/loja\/produto\/carregador-ultra-rapido-65-w-branco\/","title":{"rendered":"Carregador ultra r\u00e1pido 65 w, branco"},"content":{"rendered":"","protected":false},"excerpt":{"rendered":"<p>Carregador ultra-r\u00e1pido de 65 w com 2 portas: usb-c e usb-a para carregar qualquer dispositivo. a sa\u00edda usb-c funciona at\u00e9 65 w e a usb-a at\u00e9 18 w. compat\u00edvel com dispositivos anteriores. este carregador permite carregar dispositivos como tablets, telemoveis, consola, baterias, auscultadores, etc.<\/p>\n","protected":false},"featured_media":60216,"comment_status":"open","ping_status":"closed","template":"","meta":[],"product_brand":[],"product_cat":[12308,509],"product_tag":[],"class_list":{"0":"post-60217","1":"product","2":"type-product","3":"status-publish","4":"has-post-thumbnail","6":"product_cat-carregadores-usb","7":"product_cat-imagem-e-som","9":"first","10":"instock","11":"taxable","12":"shipping-taxable","13":"purchasable","14":"product-type-simple"},"_links":{"self":[{"href":"https:\/\/casafreitas.pt\/loja\/wp-json\/wp\/v2\/product\/60217","targetHints":{"allow":["GET"]}}],"collection":[{"href":"https:\/\/casafreitas.pt\/loja\/wp-json\/wp\/v2\/product"}],"about":[{"href":"https:\/\/casafreitas.pt\/loja\/wp-json\/wp\/v2\/types\/product"}],"replies":[{"embeddable":true,"href":"https:\/\/casafreitas.pt\/loja\/wp-json\/wp\/v2\/comments?post=60217"}],"version-history":[{"count":1,"href":"https:\/\/casafreitas.pt\/loja\/wp-json\/wp\/v2\/product\/60217\/revisions"}],"predecessor-version":[{"id":60218,"href":"https:\/\/casafreitas.pt\/loja\/wp-json\/wp\/v2\/product\/60217\/revisions\/60218"}],"wp:featuredmedia":[{"embeddable":true,"href":"https:\/\/casafreitas.pt\/loja\/wp-json\/wp\/v2\/media\/60216"}],"wp:attachment":[{"href":"https:\/\/casafreitas.pt\/loja\/wp-json\/wp\/v2\/media?parent=60217"}],"wp:term":[{"taxonomy":"product_brand","embeddable":true,"href":"https:\/\/casafreitas.pt\/loja\/wp-json\/wp\/v2\/product_brand?post=60217"},{"taxonomy":"product_cat","embeddable":true,"href":"https:\/\/casafreitas.pt\/loja\/wp-json\/wp\/v2\/product_cat?post=60217"},{"taxonomy":"product_tag","embeddable":true,"href":"https:\/\/casafreitas.pt\/loja\/wp-json\/wp\/v2\/product_tag?post=60217"}],"curies":[{"name":"wp","href":"https:\/\/api.w.org\/{rel}","templated":true}]}}