{"id":21917,"date":"2025-05-31T14:32:37","date_gmt":"2025-05-31T14:32:37","guid":{"rendered":"https:\/\/casafreitas.pt\/loja\/produto\/emissor-term-hjm-750w-alhet-esd06\/"},"modified":"2025-11-05T08:01:12","modified_gmt":"2025-11-05T08:01:12","slug":"emissor-term-hjm-750w-alhet-esd06","status":"publish","type":"product","link":"https:\/\/casafreitas.pt\/loja\/produto\/emissor-term-hjm-750w-alhet-esd06\/","title":{"rendered":"EMISSOR TERM HJM  750W.ALHET-ESD06"},"content":{"rendered":"","protected":false},"excerpt":{"rendered":"<p><b>Pot\u00eancia:<\/b> 750 W<br \/><b>Dimens\u00e3o:<\/b> 57,5 x 55,2 x 9,6 cm (AxLxP)<br \/><b>Cor:<\/b> Branco<br \/><b>Acess\u00f3rios Inclu\u00eddos:<\/b> Kit de suportes de fixa\u00e7\u00e3o \u00e0 parede<br \/><b>Garantia:<\/b> 3 anos<\/p>\n","protected":false},"featured_media":21916,"comment_status":"open","ping_status":"closed","template":"","meta":[],"product_brand":[],"product_cat":[2365,2364,2535],"product_tag":[],"class_list":{"0":"post-21917","1":"product","2":"type-product","3":"status-publish","4":"has-post-thumbnail","6":"product_cat-aquecimento","7":"product_cat-climatizacao","8":"product_cat-emissores-termicos","10":"first","11":"instock","12":"taxable","13":"shipping-taxable","14":"purchasable","15":"product-type-simple"},"_links":{"self":[{"href":"https:\/\/casafreitas.pt\/loja\/wp-json\/wp\/v2\/product\/21917","targetHints":{"allow":["GET"]}}],"collection":[{"href":"https:\/\/casafreitas.pt\/loja\/wp-json\/wp\/v2\/product"}],"about":[{"href":"https:\/\/casafreitas.pt\/loja\/wp-json\/wp\/v2\/types\/product"}],"replies":[{"embeddable":true,"href":"https:\/\/casafreitas.pt\/loja\/wp-json\/wp\/v2\/comments?post=21917"}],"version-history":[{"count":1,"href":"https:\/\/casafreitas.pt\/loja\/wp-json\/wp\/v2\/product\/21917\/revisions"}],"predecessor-version":[{"id":21918,"href":"https:\/\/casafreitas.pt\/loja\/wp-json\/wp\/v2\/product\/21917\/revisions\/21918"}],"wp:featuredmedia":[{"embeddable":true,"href":"https:\/\/casafreitas.pt\/loja\/wp-json\/wp\/v2\/media\/21916"}],"wp:attachment":[{"href":"https:\/\/casafreitas.pt\/loja\/wp-json\/wp\/v2\/media?parent=21917"}],"wp:term":[{"taxonomy":"product_brand","embeddable":true,"href":"https:\/\/casafreitas.pt\/loja\/wp-json\/wp\/v2\/product_brand?post=21917"},{"taxonomy":"product_cat","embeddable":true,"href":"https:\/\/casafreitas.pt\/loja\/wp-json\/wp\/v2\/product_cat?post=21917"},{"taxonomy":"product_tag","embeddable":true,"href":"https:\/\/casafreitas.pt\/loja\/wp-json\/wp\/v2\/product_tag?post=21917"}],"curies":[{"name":"wp","href":"https:\/\/api.w.org\/{rel}","templated":true}]}}