{"id":132707,"date":"2025-11-15T22:12:47","date_gmt":"2025-11-15T22:12:47","guid":{"rendered":"https:\/\/casafreitas.pt\/loja\/produto\/entrada-inferior-flutuante\/"},"modified":"2025-11-15T22:12:49","modified_gmt":"2025-11-15T22:12:49","slug":"entrada-inferior-flutuante","status":"publish","type":"product","link":"https:\/\/casafreitas.pt\/loja\/produto\/entrada-inferior-flutuante\/","title":{"rendered":"Entrada inferior flutuante"},"content":{"rendered":"","protected":false},"excerpt":{"rendered":"<p>B\u00f3ia de entrada inferior. conex\u00e3o de lat\u00e3o: 3\/8 pol. press\u00e3o da \u00e1gua: 0,10 &#8211; 10 bar. silencioso e r\u00e1pido. formato blister<\/p>\n","protected":false},"featured_media":132706,"comment_status":"open","ping_status":"closed","template":"","meta":[],"product_brand":[],"product_cat":[17610,18004],"product_tag":[12491],"class_list":{"0":"post-132707","1":"product","2":"type-product","3":"status-publish","4":"has-post-thumbnail","6":"product_cat-mecanismo-cisterna-construcao","7":"product_cat-construcao","8":"product_tag-verhal","10":"first","11":"instock","12":"taxable","13":"shipping-taxable","14":"purchasable","15":"product-type-simple"},"_links":{"self":[{"href":"https:\/\/casafreitas.pt\/loja\/wp-json\/wp\/v2\/product\/132707","targetHints":{"allow":["GET"]}}],"collection":[{"href":"https:\/\/casafreitas.pt\/loja\/wp-json\/wp\/v2\/product"}],"about":[{"href":"https:\/\/casafreitas.pt\/loja\/wp-json\/wp\/v2\/types\/product"}],"replies":[{"embeddable":true,"href":"https:\/\/casafreitas.pt\/loja\/wp-json\/wp\/v2\/comments?post=132707"}],"version-history":[{"count":1,"href":"https:\/\/casafreitas.pt\/loja\/wp-json\/wp\/v2\/product\/132707\/revisions"}],"predecessor-version":[{"id":132708,"href":"https:\/\/casafreitas.pt\/loja\/wp-json\/wp\/v2\/product\/132707\/revisions\/132708"}],"wp:featuredmedia":[{"embeddable":true,"href":"https:\/\/casafreitas.pt\/loja\/wp-json\/wp\/v2\/media\/132706"}],"wp:attachment":[{"href":"https:\/\/casafreitas.pt\/loja\/wp-json\/wp\/v2\/media?parent=132707"}],"wp:term":[{"taxonomy":"product_brand","embeddable":true,"href":"https:\/\/casafreitas.pt\/loja\/wp-json\/wp\/v2\/product_brand?post=132707"},{"taxonomy":"product_cat","embeddable":true,"href":"https:\/\/casafreitas.pt\/loja\/wp-json\/wp\/v2\/product_cat?post=132707"},{"taxonomy":"product_tag","embeddable":true,"href":"https:\/\/casafreitas.pt\/loja\/wp-json\/wp\/v2\/product_tag?post=132707"}],"curies":[{"name":"wp","href":"https:\/\/api.w.org\/{rel}","templated":true}]}}