{"id":132326,"date":"2025-11-13T19:23:31","date_gmt":"2025-11-13T19:23:31","guid":{"rendered":"https:\/\/casafreitas.pt\/loja\/produto\/lampada-led-filamento-mate-e27-85-w-equiv-75-w-1055-lm-4000-k-luz-dia-pack-3-unidades\/"},"modified":"2025-11-13T19:23:33","modified_gmt":"2025-11-13T19:23:33","slug":"lampada-led-filamento-mate-e27-85-w-equiv-75-w-1055-lm-4000-k-luz-dia-pack-3-unidades","status":"publish","type":"product","link":"https:\/\/casafreitas.pt\/loja\/produto\/lampada-led-filamento-mate-e27-85-w-equiv-75-w-1055-lm-4000-k-luz-dia-pack-3-unidades\/","title":{"rendered":"L\u00e2mpada led de filamento mate; e27; 8,5 w (equiv. 75 w); 1055 lm; 4000 k; luz dia, pack 3 unidades"},"content":{"rendered":"","protected":false},"excerpt":{"rendered":"<p>L\u00e2mpada led de filamento mate; e27; 8,5 w (equiv. 75 w); 1055 lm; 4000 k; luz dia; acabamento opal; cri 80. classifica\u00e7\u00e3o energ\u00e9tica e; vida \u00fatil: 15.000 h; 220 &#8211; 240 v ac 50\/60 hz. fluxo luminoso 360 graus. dimens\u00f5es: \u00f86 x 10,4 cm. 3 unidades<\/p>\n","protected":false},"featured_media":132325,"comment_status":"open","ping_status":"closed","template":"","meta":[],"product_brand":[],"product_cat":[17590,18004],"product_tag":[],"class_list":{"0":"post-132326","1":"product","2":"type-product","3":"status-publish","4":"has-post-thumbnail","6":"product_cat-lampadas-filamento-led-construcao","7":"product_cat-construcao","9":"first","10":"instock","11":"taxable","12":"shipping-taxable","13":"purchasable","14":"product-type-simple"},"_links":{"self":[{"href":"https:\/\/casafreitas.pt\/loja\/wp-json\/wp\/v2\/product\/132326","targetHints":{"allow":["GET"]}}],"collection":[{"href":"https:\/\/casafreitas.pt\/loja\/wp-json\/wp\/v2\/product"}],"about":[{"href":"https:\/\/casafreitas.pt\/loja\/wp-json\/wp\/v2\/types\/product"}],"replies":[{"embeddable":true,"href":"https:\/\/casafreitas.pt\/loja\/wp-json\/wp\/v2\/comments?post=132326"}],"version-history":[{"count":1,"href":"https:\/\/casafreitas.pt\/loja\/wp-json\/wp\/v2\/product\/132326\/revisions"}],"predecessor-version":[{"id":132327,"href":"https:\/\/casafreitas.pt\/loja\/wp-json\/wp\/v2\/product\/132326\/revisions\/132327"}],"wp:featuredmedia":[{"embeddable":true,"href":"https:\/\/casafreitas.pt\/loja\/wp-json\/wp\/v2\/media\/132325"}],"wp:attachment":[{"href":"https:\/\/casafreitas.pt\/loja\/wp-json\/wp\/v2\/media?parent=132326"}],"wp:term":[{"taxonomy":"product_brand","embeddable":true,"href":"https:\/\/casafreitas.pt\/loja\/wp-json\/wp\/v2\/product_brand?post=132326"},{"taxonomy":"product_cat","embeddable":true,"href":"https:\/\/casafreitas.pt\/loja\/wp-json\/wp\/v2\/product_cat?post=132326"},{"taxonomy":"product_tag","embeddable":true,"href":"https:\/\/casafreitas.pt\/loja\/wp-json\/wp\/v2\/product_tag?post=132326"}],"curies":[{"name":"wp","href":"https:\/\/api.w.org\/{rel}","templated":true}]}}