{"id":131775,"date":"2025-11-05T22:56:00","date_gmt":"2025-11-05T22:56:00","guid":{"rendered":"https:\/\/casafreitas.pt\/loja\/produto\/garrafa-termica-inox-cores-modelos-sortidos-500-ml\/"},"modified":"2025-11-05T22:56:02","modified_gmt":"2025-11-05T22:56:02","slug":"garrafa-termica-inox-cores-modelos-sortidos-500-ml","status":"publish","type":"product","link":"https:\/\/casafreitas.pt\/loja\/produto\/garrafa-termica-inox-cores-modelos-sortidos-500-ml\/","title":{"rendered":"Garrafa t\u00e9rmica de inox de cores\/modelos sortidos 500 ml"},"content":{"rendered":"","protected":false},"excerpt":{"rendered":"<p>Garrafa isot\u00e9rmica de inox, 500 ml, mant\u00e9m a temperatura do l\u00edquido no interior at\u00e9 6 h quente, cores\/modelos sortidos<\/p>\n","protected":false},"featured_media":131774,"comment_status":"open","ping_status":"closed","template":"","meta":[],"product_brand":[],"product_cat":[13551,8800],"product_tag":[],"class_list":{"0":"post-131775","1":"product","2":"type-product","3":"status-publish","4":"has-post-thumbnail","6":"product_cat-garrafa-termica","7":"product_cat-pequenos-domesticos","9":"first","10":"instock","11":"taxable","12":"shipping-taxable","13":"purchasable","14":"product-type-simple"},"_links":{"self":[{"href":"https:\/\/casafreitas.pt\/loja\/wp-json\/wp\/v2\/product\/131775","targetHints":{"allow":["GET"]}}],"collection":[{"href":"https:\/\/casafreitas.pt\/loja\/wp-json\/wp\/v2\/product"}],"about":[{"href":"https:\/\/casafreitas.pt\/loja\/wp-json\/wp\/v2\/types\/product"}],"replies":[{"embeddable":true,"href":"https:\/\/casafreitas.pt\/loja\/wp-json\/wp\/v2\/comments?post=131775"}],"version-history":[{"count":1,"href":"https:\/\/casafreitas.pt\/loja\/wp-json\/wp\/v2\/product\/131775\/revisions"}],"predecessor-version":[{"id":131776,"href":"https:\/\/casafreitas.pt\/loja\/wp-json\/wp\/v2\/product\/131775\/revisions\/131776"}],"wp:featuredmedia":[{"embeddable":true,"href":"https:\/\/casafreitas.pt\/loja\/wp-json\/wp\/v2\/media\/131774"}],"wp:attachment":[{"href":"https:\/\/casafreitas.pt\/loja\/wp-json\/wp\/v2\/media?parent=131775"}],"wp:term":[{"taxonomy":"product_brand","embeddable":true,"href":"https:\/\/casafreitas.pt\/loja\/wp-json\/wp\/v2\/product_brand?post=131775"},{"taxonomy":"product_cat","embeddable":true,"href":"https:\/\/casafreitas.pt\/loja\/wp-json\/wp\/v2\/product_cat?post=131775"},{"taxonomy":"product_tag","embeddable":true,"href":"https:\/\/casafreitas.pt\/loja\/wp-json\/wp\/v2\/product_tag?post=131775"}],"curies":[{"name":"wp","href":"https:\/\/api.w.org\/{rel}","templated":true}]}}