{"id":128905,"date":"2025-10-10T09:18:36","date_gmt":"2025-10-10T09:18:36","guid":{"rendered":"https:\/\/casafreitas.pt\/loja\/produto\/maquina-crepes-ad-3058-1600-w\/"},"modified":"2025-10-24T07:22:14","modified_gmt":"2025-10-24T07:22:14","slug":"maquina-crepes-ad-3058-1600-w","status":"publish","type":"product","link":"https:\/\/casafreitas.pt\/loja\/produto\/maquina-crepes-ad-3058-1600-w\/","title":{"rendered":"M\u00e1quina de crepes ad 3058 1600 w"},"content":{"rendered":"","protected":false},"excerpt":{"rendered":"<p>M\u00e1quina de crepes ad 3058, 1600w. m\u00e1quina de fazer crepes e panquecas, com placa de aquecimento \u00f830cm com revestimento antiaderente, borda alta para evitar derrames, com regulador de temperatura e luzes indicadoras (ligado e pronto), p\u00e9s de borracha antiderrapantes, corpo em inox, compartimento para o cabo de alimenta\u00e7\u00e3o. acess\u00f3rios: rolo de amassar e esp\u00e1tula, pot\u00eancia: nominal 1200w, m\u00e1xima 1600w, cabo 75cm; 220-240v~50\/60hz. medidas: 33,0&#215;30,5x7cm<\/p>\n","protected":false},"featured_media":128904,"comment_status":"open","ping_status":"closed","template":"","meta":[],"product_brand":[],"product_cat":[17398,8800],"product_tag":[12321],"class_list":{"0":"post-128905","1":"product","2":"type-product","3":"status-publish","4":"has-post-thumbnail","6":"product_cat-fun-cooking-pequenos-domesticos","7":"product_cat-pequenos-domesticos","8":"product_tag-adler","10":"first","11":"instock","12":"taxable","13":"shipping-taxable","14":"purchasable","15":"product-type-simple"},"_links":{"self":[{"href":"https:\/\/casafreitas.pt\/loja\/wp-json\/wp\/v2\/product\/128905","targetHints":{"allow":["GET"]}}],"collection":[{"href":"https:\/\/casafreitas.pt\/loja\/wp-json\/wp\/v2\/product"}],"about":[{"href":"https:\/\/casafreitas.pt\/loja\/wp-json\/wp\/v2\/types\/product"}],"replies":[{"embeddable":true,"href":"https:\/\/casafreitas.pt\/loja\/wp-json\/wp\/v2\/comments?post=128905"}],"version-history":[{"count":1,"href":"https:\/\/casafreitas.pt\/loja\/wp-json\/wp\/v2\/product\/128905\/revisions"}],"predecessor-version":[{"id":128906,"href":"https:\/\/casafreitas.pt\/loja\/wp-json\/wp\/v2\/product\/128905\/revisions\/128906"}],"wp:featuredmedia":[{"embeddable":true,"href":"https:\/\/casafreitas.pt\/loja\/wp-json\/wp\/v2\/media\/128904"}],"wp:attachment":[{"href":"https:\/\/casafreitas.pt\/loja\/wp-json\/wp\/v2\/media?parent=128905"}],"wp:term":[{"taxonomy":"product_brand","embeddable":true,"href":"https:\/\/casafreitas.pt\/loja\/wp-json\/wp\/v2\/product_brand?post=128905"},{"taxonomy":"product_cat","embeddable":true,"href":"https:\/\/casafreitas.pt\/loja\/wp-json\/wp\/v2\/product_cat?post=128905"},{"taxonomy":"product_tag","embeddable":true,"href":"https:\/\/casafreitas.pt\/loja\/wp-json\/wp\/v2\/product_tag?post=128905"}],"curies":[{"name":"wp","href":"https:\/\/api.w.org\/{rel}","templated":true}]}}