{"id":127431,"date":"2025-10-08T18:02:58","date_gmt":"2025-10-08T18:02:58","guid":{"rendered":"https:\/\/casafreitas.pt\/loja\/produto\/fechadura-cer1004-para-caixas-correio-exterior-arregui-conjunto-10-pecas\/"},"modified":"2025-10-24T07:20:28","modified_gmt":"2025-10-24T07:20:28","slug":"fechadura-cer1004-para-caixas-correio-exterior-arregui-conjunto-10-pecas","status":"publish","type":"product","link":"https:\/\/casafreitas.pt\/loja\/produto\/fechadura-cer1004-para-caixas-correio-exterior-arregui-conjunto-10-pecas\/","title":{"rendered":"Fechadura cer1004 para caixas de correio de exterior arregui, conjunto de 10 pe\u00e7as"},"content":{"rendered":"","protected":false},"excerpt":{"rendered":"<p>Fechadura universal de exterior arregui cer1004 para caixas de correio unifamiliares, conjunto de fechadura cromada; inclui: fechadura, 2 chaves, clipe de fixa\u00e7\u00e3o e 6 op\u00e7\u00f5es de came<\/p>\n","protected":false},"featured_media":127430,"comment_status":"open","ping_status":"closed","template":"","meta":[],"product_brand":[],"product_cat":[17561,18004],"product_tag":[12460],"class_list":{"0":"post-127431","1":"product","2":"type-product","3":"status-publish","4":"has-post-thumbnail","6":"product_cat-fechaduras-travas-construcao","7":"product_cat-construcao","8":"product_tag-arregui","10":"first","11":"instock","12":"taxable","13":"shipping-taxable","14":"purchasable","15":"product-type-simple"},"_links":{"self":[{"href":"https:\/\/casafreitas.pt\/loja\/wp-json\/wp\/v2\/product\/127431","targetHints":{"allow":["GET"]}}],"collection":[{"href":"https:\/\/casafreitas.pt\/loja\/wp-json\/wp\/v2\/product"}],"about":[{"href":"https:\/\/casafreitas.pt\/loja\/wp-json\/wp\/v2\/types\/product"}],"replies":[{"embeddable":true,"href":"https:\/\/casafreitas.pt\/loja\/wp-json\/wp\/v2\/comments?post=127431"}],"version-history":[{"count":1,"href":"https:\/\/casafreitas.pt\/loja\/wp-json\/wp\/v2\/product\/127431\/revisions"}],"predecessor-version":[{"id":127432,"href":"https:\/\/casafreitas.pt\/loja\/wp-json\/wp\/v2\/product\/127431\/revisions\/127432"}],"wp:featuredmedia":[{"embeddable":true,"href":"https:\/\/casafreitas.pt\/loja\/wp-json\/wp\/v2\/media\/127430"}],"wp:attachment":[{"href":"https:\/\/casafreitas.pt\/loja\/wp-json\/wp\/v2\/media?parent=127431"}],"wp:term":[{"taxonomy":"product_brand","embeddable":true,"href":"https:\/\/casafreitas.pt\/loja\/wp-json\/wp\/v2\/product_brand?post=127431"},{"taxonomy":"product_cat","embeddable":true,"href":"https:\/\/casafreitas.pt\/loja\/wp-json\/wp\/v2\/product_cat?post=127431"},{"taxonomy":"product_tag","embeddable":true,"href":"https:\/\/casafreitas.pt\/loja\/wp-json\/wp\/v2\/product_tag?post=127431"}],"curies":[{"name":"wp","href":"https:\/\/api.w.org\/{rel}","templated":true}]}}