{"id":126906,"date":"2025-10-08T16:37:52","date_gmt":"2025-10-08T16:37:52","guid":{"rendered":"https:\/\/casafreitas.pt\/loja\/produto\/regulador-gas-rotativo-28g-para-garrafa-azul\/"},"modified":"2025-10-24T07:19:45","modified_gmt":"2025-10-24T07:19:45","slug":"regulador-gas-rotativo-28g-para-garrafa-azul","status":"publish","type":"product","link":"https:\/\/casafreitas.pt\/loja\/produto\/regulador-gas-rotativo-28g-para-garrafa-azul\/","title":{"rendered":"Regulador de g\u00e1s rotativo 28g para garrafa azul"},"content":{"rendered":"","protected":false},"excerpt":{"rendered":"<p>Regulador de g\u00e1s butano para garrafa azul, rosca universal, rotativo, caudal m\u00e1ximo: 800 g\/h, press\u00e3o de sa\u00edda: 29 mbar, press\u00e3o de entrada: 0,3 &#8211; 7,5 bar, entrada: g3 en16129, sa\u00edda: h51 en16129<\/p>\n","protected":false},"featured_media":126905,"comment_status":"open","ping_status":"closed","template":"","meta":[],"product_brand":[],"product_cat":[2364,17374],"product_tag":[],"class_list":{"0":"post-126906","1":"product","2":"type-product","3":"status-publish","4":"has-post-thumbnail","6":"product_cat-climatizacao","7":"product_cat-reguladores-de-gas-climatizacao","9":"first","10":"instock","11":"taxable","12":"shipping-taxable","13":"purchasable","14":"product-type-simple"},"_links":{"self":[{"href":"https:\/\/casafreitas.pt\/loja\/wp-json\/wp\/v2\/product\/126906","targetHints":{"allow":["GET"]}}],"collection":[{"href":"https:\/\/casafreitas.pt\/loja\/wp-json\/wp\/v2\/product"}],"about":[{"href":"https:\/\/casafreitas.pt\/loja\/wp-json\/wp\/v2\/types\/product"}],"replies":[{"embeddable":true,"href":"https:\/\/casafreitas.pt\/loja\/wp-json\/wp\/v2\/comments?post=126906"}],"version-history":[{"count":1,"href":"https:\/\/casafreitas.pt\/loja\/wp-json\/wp\/v2\/product\/126906\/revisions"}],"predecessor-version":[{"id":126907,"href":"https:\/\/casafreitas.pt\/loja\/wp-json\/wp\/v2\/product\/126906\/revisions\/126907"}],"wp:featuredmedia":[{"embeddable":true,"href":"https:\/\/casafreitas.pt\/loja\/wp-json\/wp\/v2\/media\/126905"}],"wp:attachment":[{"href":"https:\/\/casafreitas.pt\/loja\/wp-json\/wp\/v2\/media?parent=126906"}],"wp:term":[{"taxonomy":"product_brand","embeddable":true,"href":"https:\/\/casafreitas.pt\/loja\/wp-json\/wp\/v2\/product_brand?post=126906"},{"taxonomy":"product_cat","embeddable":true,"href":"https:\/\/casafreitas.pt\/loja\/wp-json\/wp\/v2\/product_cat?post=126906"},{"taxonomy":"product_tag","embeddable":true,"href":"https:\/\/casafreitas.pt\/loja\/wp-json\/wp\/v2\/product_tag?post=126906"}],"curies":[{"name":"wp","href":"https:\/\/api.w.org\/{rel}","templated":true}]}}