{"id":126713,"date":"2025-10-07T23:00:55","date_gmt":"2025-10-07T23:00:55","guid":{"rendered":"https:\/\/casafreitas.pt\/loja\/produto\/bola-metal-dobravel-com-168-leds-rgb-o40-cm\/"},"modified":"2025-10-31T22:21:34","modified_gmt":"2025-10-31T22:21:34","slug":"bola-metal-dobravel-com-168-leds-rgb-o40-cm","status":"publish","type":"product","link":"https:\/\/casafreitas.pt\/loja\/produto\/bola-metal-dobravel-com-168-leds-rgb-o40-cm\/","title":{"rendered":"Bola de metal dobr\u00e1vel, com 168 leds rgb \u00f840 cm"},"content":{"rendered":"","protected":false},"excerpt":{"rendered":"<p>Bola de metal dobr\u00e1vel, com 168 led rgb digitais, 220v-240v 50\/60hz. \u00e9 constitu\u00eddo por 14 cordas, cada uma com 12 leds. cabo 500 cm, ip44. controlo remoto (inclu\u00eddo). dimens\u00f5es \u00f840 cm \/ 410 x 60 x 410 mm<\/p>\n","protected":false},"featured_media":126712,"comment_status":"open","ping_status":"closed","template":"","meta":[],"product_brand":[],"product_cat":[17798,18006],"product_tag":[],"class_list":{"0":"post-126713","1":"product","2":"type-product","3":"status-publish","4":"has-post-thumbnail","6":"product_cat-figuras-de-neon-rgb-diversos-sazonais","7":"product_cat-diversos-sazonais","9":"first","10":"instock","11":"taxable","12":"shipping-taxable","13":"purchasable","14":"product-type-simple"},"_links":{"self":[{"href":"https:\/\/casafreitas.pt\/loja\/wp-json\/wp\/v2\/product\/126713","targetHints":{"allow":["GET"]}}],"collection":[{"href":"https:\/\/casafreitas.pt\/loja\/wp-json\/wp\/v2\/product"}],"about":[{"href":"https:\/\/casafreitas.pt\/loja\/wp-json\/wp\/v2\/types\/product"}],"replies":[{"embeddable":true,"href":"https:\/\/casafreitas.pt\/loja\/wp-json\/wp\/v2\/comments?post=126713"}],"version-history":[{"count":1,"href":"https:\/\/casafreitas.pt\/loja\/wp-json\/wp\/v2\/product\/126713\/revisions"}],"predecessor-version":[{"id":126714,"href":"https:\/\/casafreitas.pt\/loja\/wp-json\/wp\/v2\/product\/126713\/revisions\/126714"}],"wp:featuredmedia":[{"embeddable":true,"href":"https:\/\/casafreitas.pt\/loja\/wp-json\/wp\/v2\/media\/126712"}],"wp:attachment":[{"href":"https:\/\/casafreitas.pt\/loja\/wp-json\/wp\/v2\/media?parent=126713"}],"wp:term":[{"taxonomy":"product_brand","embeddable":true,"href":"https:\/\/casafreitas.pt\/loja\/wp-json\/wp\/v2\/product_brand?post=126713"},{"taxonomy":"product_cat","embeddable":true,"href":"https:\/\/casafreitas.pt\/loja\/wp-json\/wp\/v2\/product_cat?post=126713"},{"taxonomy":"product_tag","embeddable":true,"href":"https:\/\/casafreitas.pt\/loja\/wp-json\/wp\/v2\/product_tag?post=126713"}],"curies":[{"name":"wp","href":"https:\/\/api.w.org\/{rel}","templated":true}]}}