{"id":126578,"date":"2025-10-07T22:39:55","date_gmt":"2025-10-07T22:39:55","guid":{"rendered":"https:\/\/casafreitas.pt\/loja\/produto\/cortina-led-multifuncoes-interconectavel-luz-branca-quente-200-leds-15-x-2-m\/"},"modified":"2025-10-24T07:19:33","modified_gmt":"2025-10-24T07:19:33","slug":"cortina-led-multifuncoes-interconectavel-luz-branca-quente-200-leds-15-x-2-m","status":"publish","type":"product","link":"https:\/\/casafreitas.pt\/loja\/produto\/cortina-led-multifuncoes-interconectavel-luz-branca-quente-200-leds-15-x-2-m\/","title":{"rendered":"Cortina led multifun\u00e7\u00f5es interconect\u00e1vel, luz branca quente, 200 leds, 1,5 x 2 m"},"content":{"rendered":"","protected":false},"excerpt":{"rendered":"<p>Cortina led connect (interconect\u00e1vel) multifun\u00e7\u00f5es 200 leds, 1,5 x 2 m. branco quente, 220 &#8211; 240 v 50\/60 hz, para exterior ip44, cabo transparente, com 8 fun\u00e7\u00f5es de efeito intermitente, incluindo modo fixo. cabo de alimenta\u00e7\u00e3o 5 m, tiras de 2 m de comprimento, dist\u00e2ncia entre a primeira tira e a \u00faltima 1,5 m. inclui transformador de 12 w onde podem ser ligados at\u00e9 3000 leds, temporizador: 8 h ligado \/ 16 h desligado<\/p>\n","protected":false},"featured_media":126577,"comment_status":"open","ping_status":"closed","template":"","meta":[],"product_brand":[],"product_cat":[17788,18006],"product_tag":[],"class_list":{"0":"post-126578","1":"product","2":"type-product","3":"status-publish","4":"has-post-thumbnail","6":"product_cat-cortinas-flash-intermitentes-icicle-diversos-sazonais","7":"product_cat-diversos-sazonais","9":"first","10":"instock","11":"taxable","12":"shipping-taxable","13":"purchasable","14":"product-type-simple"},"_links":{"self":[{"href":"https:\/\/casafreitas.pt\/loja\/wp-json\/wp\/v2\/product\/126578","targetHints":{"allow":["GET"]}}],"collection":[{"href":"https:\/\/casafreitas.pt\/loja\/wp-json\/wp\/v2\/product"}],"about":[{"href":"https:\/\/casafreitas.pt\/loja\/wp-json\/wp\/v2\/types\/product"}],"replies":[{"embeddable":true,"href":"https:\/\/casafreitas.pt\/loja\/wp-json\/wp\/v2\/comments?post=126578"}],"version-history":[{"count":1,"href":"https:\/\/casafreitas.pt\/loja\/wp-json\/wp\/v2\/product\/126578\/revisions"}],"predecessor-version":[{"id":126579,"href":"https:\/\/casafreitas.pt\/loja\/wp-json\/wp\/v2\/product\/126578\/revisions\/126579"}],"wp:featuredmedia":[{"embeddable":true,"href":"https:\/\/casafreitas.pt\/loja\/wp-json\/wp\/v2\/media\/126577"}],"wp:attachment":[{"href":"https:\/\/casafreitas.pt\/loja\/wp-json\/wp\/v2\/media?parent=126578"}],"wp:term":[{"taxonomy":"product_brand","embeddable":true,"href":"https:\/\/casafreitas.pt\/loja\/wp-json\/wp\/v2\/product_brand?post=126578"},{"taxonomy":"product_cat","embeddable":true,"href":"https:\/\/casafreitas.pt\/loja\/wp-json\/wp\/v2\/product_cat?post=126578"},{"taxonomy":"product_tag","embeddable":true,"href":"https:\/\/casafreitas.pt\/loja\/wp-json\/wp\/v2\/product_tag?post=126578"}],"curies":[{"name":"wp","href":"https:\/\/api.w.org\/{rel}","templated":true}]}}