{"id":126572,"date":"2025-10-07T22:38:58","date_gmt":"2025-10-07T22:38:58","guid":{"rendered":"https:\/\/casafreitas.pt\/loja\/produto\/grinalda-led-compact-connect-interconectavel-multifuncoes-500-leds-branco-quente-com-efeito-intermitente-cabo-verde-exterior-11m\/"},"modified":"2025-10-24T07:19:33","modified_gmt":"2025-10-24T07:19:33","slug":"grinalda-led-compact-connect-interconectavel-multifuncoes-500-leds-branco-quente-com-efeito-intermitente-cabo-verde-exterior-11m","status":"publish","type":"product","link":"https:\/\/casafreitas.pt\/loja\/produto\/grinalda-led-compact-connect-interconectavel-multifuncoes-500-leds-branco-quente-com-efeito-intermitente-cabo-verde-exterior-11m\/","title":{"rendered":"Grinalda led compact connect (interconect\u00e1vel) multifun\u00e7\u00f5es 500 leds branco quente com efeito intermitente, cabo verde, exterior 11m"},"content":{"rendered":"","protected":false},"excerpt":{"rendered":"<p>Grinalda led compact connect (interconect\u00e1vel) multifun\u00e7\u00f5es 500 leds branco quente com efeito intermitente, 220 &#8211; 240 v 50\/60 hz, de exterior ip44, cabo verde, permite conectar at\u00e9 3000 leds com o transformador de 12 w, 8 fun\u00e7\u00f5es, adaptador ce, cabo de alimenta\u00e7\u00e3o de 5 m, dist\u00e2ncia entre os leds 16 cm, dist\u00e2ncia entre a primeira e a \u00faltima l\u00e2mpada 11 m, comprimento total 16 m. temporizador: 8 h ligado \/ 16 h desligado, inclui transformador de 12 w<\/p>\n","protected":false},"featured_media":126571,"comment_status":"open","ping_status":"closed","template":"","meta":[],"product_brand":[],"product_cat":[17816,18006],"product_tag":[],"class_list":{"0":"post-126572","1":"product","2":"type-product","3":"status-publish","4":"has-post-thumbnail","6":"product_cat-tipo-easy-connect-diversos-sazonais","7":"product_cat-diversos-sazonais","9":"first","10":"instock","11":"taxable","12":"shipping-taxable","13":"purchasable","14":"product-type-simple"},"_links":{"self":[{"href":"https:\/\/casafreitas.pt\/loja\/wp-json\/wp\/v2\/product\/126572","targetHints":{"allow":["GET"]}}],"collection":[{"href":"https:\/\/casafreitas.pt\/loja\/wp-json\/wp\/v2\/product"}],"about":[{"href":"https:\/\/casafreitas.pt\/loja\/wp-json\/wp\/v2\/types\/product"}],"replies":[{"embeddable":true,"href":"https:\/\/casafreitas.pt\/loja\/wp-json\/wp\/v2\/comments?post=126572"}],"version-history":[{"count":1,"href":"https:\/\/casafreitas.pt\/loja\/wp-json\/wp\/v2\/product\/126572\/revisions"}],"predecessor-version":[{"id":126573,"href":"https:\/\/casafreitas.pt\/loja\/wp-json\/wp\/v2\/product\/126572\/revisions\/126573"}],"wp:featuredmedia":[{"embeddable":true,"href":"https:\/\/casafreitas.pt\/loja\/wp-json\/wp\/v2\/media\/126571"}],"wp:attachment":[{"href":"https:\/\/casafreitas.pt\/loja\/wp-json\/wp\/v2\/media?parent=126572"}],"wp:term":[{"taxonomy":"product_brand","embeddable":true,"href":"https:\/\/casafreitas.pt\/loja\/wp-json\/wp\/v2\/product_brand?post=126572"},{"taxonomy":"product_cat","embeddable":true,"href":"https:\/\/casafreitas.pt\/loja\/wp-json\/wp\/v2\/product_cat?post=126572"},{"taxonomy":"product_tag","embeddable":true,"href":"https:\/\/casafreitas.pt\/loja\/wp-json\/wp\/v2\/product_tag?post=126572"}],"curies":[{"name":"wp","href":"https:\/\/api.w.org\/{rel}","templated":true}]}}