{"id":125466,"date":"2025-10-07T19:30:03","date_gmt":"2025-10-07T19:30:03","guid":{"rendered":"https:\/\/casafreitas.pt\/loja\/produto\/pack-37-bolas-decorativas-brancas-para-arvores-natal-o6cm\/"},"modified":"2025-10-24T07:19:07","modified_gmt":"2025-10-24T07:19:07","slug":"pack-37-bolas-decorativas-brancas-para-arvores-natal-o6cm","status":"publish","type":"product","link":"https:\/\/casafreitas.pt\/loja\/produto\/pack-37-bolas-decorativas-brancas-para-arvores-natal-o6cm\/","title":{"rendered":"Pack de 37 bolas decorativas brancas para \u00e1rvores de natal \u00f86cm"},"content":{"rendered":"","protected":false},"excerpt":{"rendered":"<p>Pack de 37 bolas decorativas brancas para \u00e1rvores de natal \u00f86cm (di\u00e2metro)<\/p>\n","protected":false},"featured_media":125465,"comment_status":"open","ping_status":"closed","template":"","meta":[],"product_brand":[],"product_cat":[17789,18006],"product_tag":[],"class_list":{"0":"post-125466","1":"product","2":"type-product","3":"status-publish","4":"has-post-thumbnail","6":"product_cat-decoracao-de-arvore-de-natal-diversos-sazonais","7":"product_cat-diversos-sazonais","9":"first","10":"instock","11":"taxable","12":"shipping-taxable","13":"purchasable","14":"product-type-simple"},"_links":{"self":[{"href":"https:\/\/casafreitas.pt\/loja\/wp-json\/wp\/v2\/product\/125466","targetHints":{"allow":["GET"]}}],"collection":[{"href":"https:\/\/casafreitas.pt\/loja\/wp-json\/wp\/v2\/product"}],"about":[{"href":"https:\/\/casafreitas.pt\/loja\/wp-json\/wp\/v2\/types\/product"}],"replies":[{"embeddable":true,"href":"https:\/\/casafreitas.pt\/loja\/wp-json\/wp\/v2\/comments?post=125466"}],"version-history":[{"count":1,"href":"https:\/\/casafreitas.pt\/loja\/wp-json\/wp\/v2\/product\/125466\/revisions"}],"predecessor-version":[{"id":125467,"href":"https:\/\/casafreitas.pt\/loja\/wp-json\/wp\/v2\/product\/125466\/revisions\/125467"}],"wp:featuredmedia":[{"embeddable":true,"href":"https:\/\/casafreitas.pt\/loja\/wp-json\/wp\/v2\/media\/125465"}],"wp:attachment":[{"href":"https:\/\/casafreitas.pt\/loja\/wp-json\/wp\/v2\/media?parent=125466"}],"wp:term":[{"taxonomy":"product_brand","embeddable":true,"href":"https:\/\/casafreitas.pt\/loja\/wp-json\/wp\/v2\/product_brand?post=125466"},{"taxonomy":"product_cat","embeddable":true,"href":"https:\/\/casafreitas.pt\/loja\/wp-json\/wp\/v2\/product_cat?post=125466"},{"taxonomy":"product_tag","embeddable":true,"href":"https:\/\/casafreitas.pt\/loja\/wp-json\/wp\/v2\/product_tag?post=125466"}],"curies":[{"name":"wp","href":"https:\/\/api.w.org\/{rel}","templated":true}]}}