{"id":125118,"date":"2025-10-07T18:29:05","date_gmt":"2025-10-07T18:29:05","guid":{"rendered":"https:\/\/casafreitas.pt\/loja\/produto\/grinalda-fixa-240-leds-luz-quente-exterior-18-m\/"},"modified":"2025-10-24T07:18:56","modified_gmt":"2025-10-24T07:18:56","slug":"grinalda-fixa-240-leds-luz-quente-exterior-18-m","status":"publish","type":"product","link":"https:\/\/casafreitas.pt\/loja\/produto\/grinalda-fixa-240-leds-luz-quente-exterior-18-m\/","title":{"rendered":"Grinalda fixa, 240 leds de luz quente, exterior, 18 m"},"content":{"rendered":"","protected":false},"excerpt":{"rendered":"<p>Grinalda fixa 240 leds de luz quente, 220 &#8211; 240 v 50\/60 hz, exterior ip44, cabo verde, dist\u00e2ncia entre l\u00e2mpadas 7,5 cm, dist\u00e2ncia entre a primeira e a \u00faltima l\u00e2mpada 18 m, cabo de alimenta\u00e7\u00e3o 3 m, comprimento total: 21 m<\/p>\n","protected":false},"featured_media":125117,"comment_status":"open","ping_status":"closed","template":"","meta":[],"product_brand":[],"product_cat":[17804,18006],"product_tag":[],"class_list":{"0":"post-125118","1":"product","2":"type-product","3":"status-publish","4":"has-post-thumbnail","6":"product_cat-grinaldas-funcao-fixa-diversos-sazonais","7":"product_cat-diversos-sazonais","9":"first","10":"instock","11":"taxable","12":"shipping-taxable","13":"purchasable","14":"product-type-simple"},"_links":{"self":[{"href":"https:\/\/casafreitas.pt\/loja\/wp-json\/wp\/v2\/product\/125118","targetHints":{"allow":["GET"]}}],"collection":[{"href":"https:\/\/casafreitas.pt\/loja\/wp-json\/wp\/v2\/product"}],"about":[{"href":"https:\/\/casafreitas.pt\/loja\/wp-json\/wp\/v2\/types\/product"}],"replies":[{"embeddable":true,"href":"https:\/\/casafreitas.pt\/loja\/wp-json\/wp\/v2\/comments?post=125118"}],"version-history":[{"count":1,"href":"https:\/\/casafreitas.pt\/loja\/wp-json\/wp\/v2\/product\/125118\/revisions"}],"predecessor-version":[{"id":125119,"href":"https:\/\/casafreitas.pt\/loja\/wp-json\/wp\/v2\/product\/125118\/revisions\/125119"}],"wp:featuredmedia":[{"embeddable":true,"href":"https:\/\/casafreitas.pt\/loja\/wp-json\/wp\/v2\/media\/125117"}],"wp:attachment":[{"href":"https:\/\/casafreitas.pt\/loja\/wp-json\/wp\/v2\/media?parent=125118"}],"wp:term":[{"taxonomy":"product_brand","embeddable":true,"href":"https:\/\/casafreitas.pt\/loja\/wp-json\/wp\/v2\/product_brand?post=125118"},{"taxonomy":"product_cat","embeddable":true,"href":"https:\/\/casafreitas.pt\/loja\/wp-json\/wp\/v2\/product_cat?post=125118"},{"taxonomy":"product_tag","embeddable":true,"href":"https:\/\/casafreitas.pt\/loja\/wp-json\/wp\/v2\/product_tag?post=125118"}],"curies":[{"name":"wp","href":"https:\/\/api.w.org\/{rel}","templated":true}]}}