{"id":125076,"date":"2025-10-07T18:22:02","date_gmt":"2025-10-07T18:22:02","guid":{"rendered":"https:\/\/casafreitas.pt\/loja\/produto\/grinalda-micro-led-para-arvore-180-cm-408-leds-luz-fria-exterior-68-m\/"},"modified":"2025-10-31T22:21:32","modified_gmt":"2025-10-31T22:21:32","slug":"grinalda-micro-led-para-arvore-180-cm-408-leds-luz-fria-exterior-68-m","status":"publish","type":"product","link":"https:\/\/casafreitas.pt\/loja\/produto\/grinalda-micro-led-para-arvore-180-cm-408-leds-luz-fria-exterior-68-m\/","title":{"rendered":"Grinalda de micro led para \u00e1rvore de 180 cm, 408 leds, luz fria, exterior, 6,8 m"},"content":{"rendered":"","protected":false},"excerpt":{"rendered":"<p>Guirlanda de micro led para \u00e1rvore de 180 cm, 408 leds, luz fria, 220 &#8211; 240 v 50\/60 hz, exterior ip44, 12 tiras de 34 leds, l\u00e2mpadas n\u00e3o substitu\u00edveis, cabo de 6,8 m<\/p>\n","protected":false},"featured_media":125075,"comment_status":"open","ping_status":"closed","template":"","meta":[],"product_brand":[],"product_cat":[17805,18006],"product_tag":[],"class_list":{"0":"post-125076","1":"product","2":"type-product","3":"status-publish","4":"has-post-thumbnail","6":"product_cat-guirlandas-multifuncionais-para-exterior-diversos-sazonais","7":"product_cat-diversos-sazonais","9":"first","10":"instock","11":"taxable","12":"shipping-taxable","13":"purchasable","14":"product-type-simple"},"_links":{"self":[{"href":"https:\/\/casafreitas.pt\/loja\/wp-json\/wp\/v2\/product\/125076","targetHints":{"allow":["GET"]}}],"collection":[{"href":"https:\/\/casafreitas.pt\/loja\/wp-json\/wp\/v2\/product"}],"about":[{"href":"https:\/\/casafreitas.pt\/loja\/wp-json\/wp\/v2\/types\/product"}],"replies":[{"embeddable":true,"href":"https:\/\/casafreitas.pt\/loja\/wp-json\/wp\/v2\/comments?post=125076"}],"version-history":[{"count":1,"href":"https:\/\/casafreitas.pt\/loja\/wp-json\/wp\/v2\/product\/125076\/revisions"}],"predecessor-version":[{"id":125077,"href":"https:\/\/casafreitas.pt\/loja\/wp-json\/wp\/v2\/product\/125076\/revisions\/125077"}],"wp:featuredmedia":[{"embeddable":true,"href":"https:\/\/casafreitas.pt\/loja\/wp-json\/wp\/v2\/media\/125075"}],"wp:attachment":[{"href":"https:\/\/casafreitas.pt\/loja\/wp-json\/wp\/v2\/media?parent=125076"}],"wp:term":[{"taxonomy":"product_brand","embeddable":true,"href":"https:\/\/casafreitas.pt\/loja\/wp-json\/wp\/v2\/product_brand?post=125076"},{"taxonomy":"product_cat","embeddable":true,"href":"https:\/\/casafreitas.pt\/loja\/wp-json\/wp\/v2\/product_cat?post=125076"},{"taxonomy":"product_tag","embeddable":true,"href":"https:\/\/casafreitas.pt\/loja\/wp-json\/wp\/v2\/product_tag?post=125076"}],"curies":[{"name":"wp","href":"https:\/\/api.w.org\/{rel}","templated":true}]}}