{"id":124944,"date":"2025-10-07T17:59:56","date_gmt":"2025-10-07T17:59:56","guid":{"rendered":"https:\/\/casafreitas.pt\/loja\/produto\/isqueiro-eletronico-pvc-24-unidades\/"},"modified":"2025-10-24T07:18:51","modified_gmt":"2025-10-24T07:18:51","slug":"isqueiro-eletronico-pvc-24-unidades","status":"publish","type":"product","link":"https:\/\/casafreitas.pt\/loja\/produto\/isqueiro-eletronico-pvc-24-unidades\/","title":{"rendered":"Isqueiro eletr\u00f3nico pvc, 24 unidades"},"content":{"rendered":"","protected":false},"excerpt":{"rendered":"<p>Isqueiro electr\u00f3nico sem flame, isqueiro electr\u00f3nico usb com liga\u00e7\u00e3o usb. cor: azul e branco. material de pvc. exibi\u00e7\u00e3o de 24 unidades.<\/p>\n","protected":false},"featured_media":124943,"comment_status":"open","ping_status":"closed","template":"","meta":[],"product_brand":[],"product_cat":[2364,17366],"product_tag":[12802],"class_list":{"0":"post-124944","1":"product","2":"type-product","3":"status-publish","4":"has-post-thumbnail","6":"product_cat-climatizacao","7":"product_cat-isqueiros-climatizacao","8":"product_tag-premion","10":"first","11":"instock","12":"taxable","13":"shipping-taxable","14":"purchasable","15":"product-type-simple"},"_links":{"self":[{"href":"https:\/\/casafreitas.pt\/loja\/wp-json\/wp\/v2\/product\/124944","targetHints":{"allow":["GET"]}}],"collection":[{"href":"https:\/\/casafreitas.pt\/loja\/wp-json\/wp\/v2\/product"}],"about":[{"href":"https:\/\/casafreitas.pt\/loja\/wp-json\/wp\/v2\/types\/product"}],"replies":[{"embeddable":true,"href":"https:\/\/casafreitas.pt\/loja\/wp-json\/wp\/v2\/comments?post=124944"}],"version-history":[{"count":1,"href":"https:\/\/casafreitas.pt\/loja\/wp-json\/wp\/v2\/product\/124944\/revisions"}],"predecessor-version":[{"id":124945,"href":"https:\/\/casafreitas.pt\/loja\/wp-json\/wp\/v2\/product\/124944\/revisions\/124945"}],"wp:featuredmedia":[{"embeddable":true,"href":"https:\/\/casafreitas.pt\/loja\/wp-json\/wp\/v2\/media\/124943"}],"wp:attachment":[{"href":"https:\/\/casafreitas.pt\/loja\/wp-json\/wp\/v2\/media?parent=124944"}],"wp:term":[{"taxonomy":"product_brand","embeddable":true,"href":"https:\/\/casafreitas.pt\/loja\/wp-json\/wp\/v2\/product_brand?post=124944"},{"taxonomy":"product_cat","embeddable":true,"href":"https:\/\/casafreitas.pt\/loja\/wp-json\/wp\/v2\/product_cat?post=124944"},{"taxonomy":"product_tag","embeddable":true,"href":"https:\/\/casafreitas.pt\/loja\/wp-json\/wp\/v2\/product_tag?post=124944"}],"curies":[{"name":"wp","href":"https:\/\/api.w.org\/{rel}","templated":true}]}}