{"id":124588,"date":"2025-10-07T17:00:14","date_gmt":"2025-10-07T17:00:14","guid":{"rendered":"https:\/\/casafreitas.pt\/loja\/produto\/candeeiro-mesa-led-metalico-recarregavel-3cct-2-w-200-lm-rosa-o110-x-163-mm\/"},"modified":"2025-10-24T07:18:30","modified_gmt":"2025-10-24T07:18:30","slug":"candeeiro-mesa-led-metalico-recarregavel-3cct-2-w-200-lm-rosa-o110-x-163-mm","status":"publish","type":"product","link":"https:\/\/casafreitas.pt\/loja\/produto\/candeeiro-mesa-led-metalico-recarregavel-3cct-2-w-200-lm-rosa-o110-x-163-mm\/","title":{"rendered":"Candeeiro de mesa led met\u00e1lico recarreg\u00e1vel 3cct, 2 w, 200 lm, rosa, \u00f8110 x 163 mm"},"content":{"rendered":"","protected":false},"excerpt":{"rendered":"<p>Candeeiro de mesa t\u00e1til met\u00e1lico led 3cct (3000k-4000k-6000k) recarreg\u00e1vel 2 w 200 lm 1200 mah, ip20, rosa, \u00f8110 x 163 mm, muda de tom e intensidade, tempo de carga 3 h, autonomia 6-16 h, inclui cabo usb-c.<\/p>\n","protected":false},"featured_media":124587,"comment_status":"open","ping_status":"closed","template":"","meta":[],"product_brand":[],"product_cat":[17939,18008],"product_tag":[12919],"class_list":{"0":"post-124588","1":"product","2":"type-product","3":"status-publish","4":"has-post-thumbnail","6":"product_cat-candeeiros-de-mesa-iluminacao-2","7":"product_cat-iluminacao","8":"product_tag-fbright","10":"first","11":"instock","12":"taxable","13":"shipping-taxable","14":"purchasable","15":"product-type-simple"},"_links":{"self":[{"href":"https:\/\/casafreitas.pt\/loja\/wp-json\/wp\/v2\/product\/124588","targetHints":{"allow":["GET"]}}],"collection":[{"href":"https:\/\/casafreitas.pt\/loja\/wp-json\/wp\/v2\/product"}],"about":[{"href":"https:\/\/casafreitas.pt\/loja\/wp-json\/wp\/v2\/types\/product"}],"replies":[{"embeddable":true,"href":"https:\/\/casafreitas.pt\/loja\/wp-json\/wp\/v2\/comments?post=124588"}],"version-history":[{"count":1,"href":"https:\/\/casafreitas.pt\/loja\/wp-json\/wp\/v2\/product\/124588\/revisions"}],"predecessor-version":[{"id":124589,"href":"https:\/\/casafreitas.pt\/loja\/wp-json\/wp\/v2\/product\/124588\/revisions\/124589"}],"wp:featuredmedia":[{"embeddable":true,"href":"https:\/\/casafreitas.pt\/loja\/wp-json\/wp\/v2\/media\/124587"}],"wp:attachment":[{"href":"https:\/\/casafreitas.pt\/loja\/wp-json\/wp\/v2\/media?parent=124588"}],"wp:term":[{"taxonomy":"product_brand","embeddable":true,"href":"https:\/\/casafreitas.pt\/loja\/wp-json\/wp\/v2\/product_brand?post=124588"},{"taxonomy":"product_cat","embeddable":true,"href":"https:\/\/casafreitas.pt\/loja\/wp-json\/wp\/v2\/product_cat?post=124588"},{"taxonomy":"product_tag","embeddable":true,"href":"https:\/\/casafreitas.pt\/loja\/wp-json\/wp\/v2\/product_tag?post=124588"}],"curies":[{"name":"wp","href":"https:\/\/api.w.org\/{rel}","templated":true}]}}