{"id":124546,"date":"2025-10-07T16:53:40","date_gmt":"2025-10-07T16:53:40","guid":{"rendered":"https:\/\/casafreitas.pt\/loja\/produto\/bau-transporte-one-touch-57-l-preto-max-40-kg\/"},"modified":"2025-11-18T22:01:16","modified_gmt":"2025-11-18T22:01:16","slug":"bau-transporte-one-touch-57-l-preto-max-40-kg","status":"publish","type":"product","link":"https:\/\/casafreitas.pt\/loja\/produto\/bau-transporte-one-touch-57-l-preto-max-40-kg\/","title":{"rendered":"Ba\u00fa de transporte one-touch 57 l, preto, m\u00e1x. 40 kg"},"content":{"rendered":"","protected":false},"excerpt":{"rendered":"<p>Ba\u00fa de transporte one-touch 57 l, carga m\u00e1xima: 40 kg, ip43, com bandeja no interior remov\u00edvel; asa telesc\u00f3pica met\u00e1lica; rodas de grandes dimens\u00f5es de 18 cm para f\u00e1cil manuseio; asa bimaterial na tampa; sistema de abertura e fecho com uma s\u00f3 m\u00e3o; ranhura em &#8220;v&#8221; na tampa para utilizar como suporte no corte de materiais, cor preto<\/p>\n","protected":false},"featured_media":124545,"comment_status":"open","ping_status":"closed","template":"","meta":[],"product_brand":[],"product_cat":[15920,11488],"product_tag":[],"class_list":{"0":"post-124546","1":"product","2":"type-product","3":"status-publish","4":"has-post-thumbnail","6":"product_cat-equipamento-de-oficina-ferramentas-244","7":"product_cat-ferramentas","9":"first","10":"instock","11":"taxable","12":"shipping-taxable","13":"purchasable","14":"product-type-simple"},"_links":{"self":[{"href":"https:\/\/casafreitas.pt\/loja\/wp-json\/wp\/v2\/product\/124546","targetHints":{"allow":["GET"]}}],"collection":[{"href":"https:\/\/casafreitas.pt\/loja\/wp-json\/wp\/v2\/product"}],"about":[{"href":"https:\/\/casafreitas.pt\/loja\/wp-json\/wp\/v2\/types\/product"}],"replies":[{"embeddable":true,"href":"https:\/\/casafreitas.pt\/loja\/wp-json\/wp\/v2\/comments?post=124546"}],"version-history":[{"count":1,"href":"https:\/\/casafreitas.pt\/loja\/wp-json\/wp\/v2\/product\/124546\/revisions"}],"predecessor-version":[{"id":124547,"href":"https:\/\/casafreitas.pt\/loja\/wp-json\/wp\/v2\/product\/124546\/revisions\/124547"}],"wp:featuredmedia":[{"embeddable":true,"href":"https:\/\/casafreitas.pt\/loja\/wp-json\/wp\/v2\/media\/124545"}],"wp:attachment":[{"href":"https:\/\/casafreitas.pt\/loja\/wp-json\/wp\/v2\/media?parent=124546"}],"wp:term":[{"taxonomy":"product_brand","embeddable":true,"href":"https:\/\/casafreitas.pt\/loja\/wp-json\/wp\/v2\/product_brand?post=124546"},{"taxonomy":"product_cat","embeddable":true,"href":"https:\/\/casafreitas.pt\/loja\/wp-json\/wp\/v2\/product_cat?post=124546"},{"taxonomy":"product_tag","embeddable":true,"href":"https:\/\/casafreitas.pt\/loja\/wp-json\/wp\/v2\/product_tag?post=124546"}],"curies":[{"name":"wp","href":"https:\/\/api.w.org\/{rel}","templated":true}]}}