{"id":124060,"date":"2025-10-07T08:08:38","date_gmt":"2025-10-07T08:08:38","guid":{"rendered":"https:\/\/casafreitas.pt\/loja\/produto\/spray-imprimacao-universal-cinzento-520cc-i113-338-g\/"},"modified":"2025-10-24T07:18:07","modified_gmt":"2025-10-24T07:18:07","slug":"spray-imprimacao-universal-cinzento-520cc-i113-338-g","status":"publish","type":"product","link":"https:\/\/casafreitas.pt\/loja\/produto\/spray-imprimacao-universal-cinzento-520cc-i113-338-g\/","title":{"rendered":"Spray imprima\u00e7\u00e3o universal cinzento 520cc i113 338 g"},"content":{"rendered":"","protected":false},"excerpt":{"rendered":"<p>Imprima\u00e7\u00e3o sint\u00e9tica anti-corrosiva de acabamento mate. ideal para proteger objetos e materais de ferro, em qualquer ambiente (humido, marinho, industrial, etc) conseguindo assim uma maior dura\u00e7\u00e3o e um melhor aproveitamento da pintura de acabamento final<\/p>\n","protected":false},"featured_media":124059,"comment_status":"open","ping_status":"closed","template":"","meta":[],"product_brand":[],"product_cat":[17632,18004],"product_tag":[],"class_list":{"0":"post-124060","1":"product","2":"type-product","3":"status-publish","4":"has-post-thumbnail","6":"product_cat-primers-preparadores-de-superficies-construcao","7":"product_cat-construcao","9":"first","10":"instock","11":"taxable","12":"shipping-taxable","13":"purchasable","14":"product-type-simple"},"_links":{"self":[{"href":"https:\/\/casafreitas.pt\/loja\/wp-json\/wp\/v2\/product\/124060","targetHints":{"allow":["GET"]}}],"collection":[{"href":"https:\/\/casafreitas.pt\/loja\/wp-json\/wp\/v2\/product"}],"about":[{"href":"https:\/\/casafreitas.pt\/loja\/wp-json\/wp\/v2\/types\/product"}],"replies":[{"embeddable":true,"href":"https:\/\/casafreitas.pt\/loja\/wp-json\/wp\/v2\/comments?post=124060"}],"version-history":[{"count":1,"href":"https:\/\/casafreitas.pt\/loja\/wp-json\/wp\/v2\/product\/124060\/revisions"}],"predecessor-version":[{"id":124061,"href":"https:\/\/casafreitas.pt\/loja\/wp-json\/wp\/v2\/product\/124060\/revisions\/124061"}],"wp:featuredmedia":[{"embeddable":true,"href":"https:\/\/casafreitas.pt\/loja\/wp-json\/wp\/v2\/media\/124059"}],"wp:attachment":[{"href":"https:\/\/casafreitas.pt\/loja\/wp-json\/wp\/v2\/media?parent=124060"}],"wp:term":[{"taxonomy":"product_brand","embeddable":true,"href":"https:\/\/casafreitas.pt\/loja\/wp-json\/wp\/v2\/product_brand?post=124060"},{"taxonomy":"product_cat","embeddable":true,"href":"https:\/\/casafreitas.pt\/loja\/wp-json\/wp\/v2\/product_cat?post=124060"},{"taxonomy":"product_tag","embeddable":true,"href":"https:\/\/casafreitas.pt\/loja\/wp-json\/wp\/v2\/product_tag?post=124060"}],"curies":[{"name":"wp","href":"https:\/\/api.w.org\/{rel}","templated":true}]}}