{"id":123726,"date":"2025-10-07T07:16:41","date_gmt":"2025-10-07T07:16:41","guid":{"rendered":"https:\/\/casafreitas.pt\/loja\/produto\/pistola-spray-universalbe-pintypluser\/"},"modified":"2025-10-24T07:17:43","modified_gmt":"2025-10-24T07:17:43","slug":"pistola-spray-universalbe-pintypluser","status":"publish","type":"product","link":"https:\/\/casafreitas.pt\/loja\/produto\/pistola-spray-universalbe-pintypluser\/","title":{"rendered":"Pistola spray universalbe a pintypluser"},"content":{"rendered":"","protected":false},"excerpt":{"rendered":"<p>Aplicador universal em forma de pistola para todo o tipo de aerosol, desenhado para melhorar a experiencia ao pintar evitando o cansa\u00e7o da m\u00e3o. o mecanismo da pistola \u00e9 simples e tamb\u00e9m muito robusto e permite um n\u00famero indefinido de coloca\u00e7\u00f5es e extra\u00e7\u00f5es. inclui expositor pela compra de 10 unidades<\/p>\n","protected":false},"featured_media":123725,"comment_status":"open","ping_status":"closed","template":"","meta":[],"product_brand":[],"product_cat":[17647,18004],"product_tag":[],"class_list":{"0":"post-123726","1":"product","2":"type-product","3":"status-publish","4":"has-post-thumbnail","6":"product_cat-spray-construcao","7":"product_cat-construcao","9":"first","10":"instock","11":"taxable","12":"shipping-taxable","13":"purchasable","14":"product-type-simple"},"_links":{"self":[{"href":"https:\/\/casafreitas.pt\/loja\/wp-json\/wp\/v2\/product\/123726","targetHints":{"allow":["GET"]}}],"collection":[{"href":"https:\/\/casafreitas.pt\/loja\/wp-json\/wp\/v2\/product"}],"about":[{"href":"https:\/\/casafreitas.pt\/loja\/wp-json\/wp\/v2\/types\/product"}],"replies":[{"embeddable":true,"href":"https:\/\/casafreitas.pt\/loja\/wp-json\/wp\/v2\/comments?post=123726"}],"version-history":[{"count":1,"href":"https:\/\/casafreitas.pt\/loja\/wp-json\/wp\/v2\/product\/123726\/revisions"}],"predecessor-version":[{"id":123727,"href":"https:\/\/casafreitas.pt\/loja\/wp-json\/wp\/v2\/product\/123726\/revisions\/123727"}],"wp:featuredmedia":[{"embeddable":true,"href":"https:\/\/casafreitas.pt\/loja\/wp-json\/wp\/v2\/media\/123725"}],"wp:attachment":[{"href":"https:\/\/casafreitas.pt\/loja\/wp-json\/wp\/v2\/media?parent=123726"}],"wp:term":[{"taxonomy":"product_brand","embeddable":true,"href":"https:\/\/casafreitas.pt\/loja\/wp-json\/wp\/v2\/product_brand?post=123726"},{"taxonomy":"product_cat","embeddable":true,"href":"https:\/\/casafreitas.pt\/loja\/wp-json\/wp\/v2\/product_cat?post=123726"},{"taxonomy":"product_tag","embeddable":true,"href":"https:\/\/casafreitas.pt\/loja\/wp-json\/wp\/v2\/product_tag?post=123726"}],"curies":[{"name":"wp","href":"https:\/\/api.w.org\/{rel}","templated":true}]}}