{"id":122180,"date":"2025-10-07T02:58:39","date_gmt":"2025-10-07T02:58:39","guid":{"rendered":"https:\/\/casafreitas.pt\/loja\/produto\/sacos-malha-presto-2-pcs-tescoma\/"},"modified":"2025-10-24T07:15:37","modified_gmt":"2025-10-24T07:15:37","slug":"sacos-malha-presto-2-pcs-tescoma","status":"publish","type":"product","link":"https:\/\/casafreitas.pt\/loja\/produto\/sacos-malha-presto-2-pcs-tescoma\/","title":{"rendered":"Sacos de malha presto, 2 pcs. tescoma"},"content":{"rendered":"","protected":false},"excerpt":{"rendered":"<p>Sacos de malha presto, 2 pcs. excelente para cozinha lenta de legumes, legumes, especiarias, etc. , para preparar irm\u00e3o e preparar infus\u00f5es de ervas, ch\u00e1, etc. tamb\u00e9m adequado para armazenar alimentos na despensa ou no frigor\u00edfico. feito em tecido sint\u00e9tico dur\u00e1vel, com fecho com cord\u00e3o ajust\u00e1vel. enxaguar e secar ap\u00f3s utiliza\u00e7\u00e3o. pode ser lavado. garantia de 3 anos. tescoma<\/p>\n","protected":false},"featured_media":122179,"comment_status":"open","ping_status":"closed","template":"","meta":[],"product_brand":[],"product_cat":[13558,8800],"product_tag":[],"class_list":{"0":"post-122180","1":"product","2":"type-product","3":"status-publish","4":"has-post-thumbnail","6":"product_cat-escorredores-centrifugadoras-malhas","7":"product_cat-pequenos-domesticos","9":"first","10":"instock","11":"taxable","12":"shipping-taxable","13":"purchasable","14":"product-type-simple"},"_links":{"self":[{"href":"https:\/\/casafreitas.pt\/loja\/wp-json\/wp\/v2\/product\/122180","targetHints":{"allow":["GET"]}}],"collection":[{"href":"https:\/\/casafreitas.pt\/loja\/wp-json\/wp\/v2\/product"}],"about":[{"href":"https:\/\/casafreitas.pt\/loja\/wp-json\/wp\/v2\/types\/product"}],"replies":[{"embeddable":true,"href":"https:\/\/casafreitas.pt\/loja\/wp-json\/wp\/v2\/comments?post=122180"}],"version-history":[{"count":1,"href":"https:\/\/casafreitas.pt\/loja\/wp-json\/wp\/v2\/product\/122180\/revisions"}],"predecessor-version":[{"id":122181,"href":"https:\/\/casafreitas.pt\/loja\/wp-json\/wp\/v2\/product\/122180\/revisions\/122181"}],"wp:featuredmedia":[{"embeddable":true,"href":"https:\/\/casafreitas.pt\/loja\/wp-json\/wp\/v2\/media\/122179"}],"wp:attachment":[{"href":"https:\/\/casafreitas.pt\/loja\/wp-json\/wp\/v2\/media?parent=122180"}],"wp:term":[{"taxonomy":"product_brand","embeddable":true,"href":"https:\/\/casafreitas.pt\/loja\/wp-json\/wp\/v2\/product_brand?post=122180"},{"taxonomy":"product_cat","embeddable":true,"href":"https:\/\/casafreitas.pt\/loja\/wp-json\/wp\/v2\/product_cat?post=122180"},{"taxonomy":"product_tag","embeddable":true,"href":"https:\/\/casafreitas.pt\/loja\/wp-json\/wp\/v2\/product_tag?post=122180"}],"curies":[{"name":"wp","href":"https:\/\/api.w.org\/{rel}","templated":true}]}}