{"id":121829,"date":"2025-10-07T02:03:39","date_gmt":"2025-10-07T02:03:39","guid":{"rendered":"https:\/\/casafreitas.pt\/loja\/produto\/escorredor-para-lava-loicas-extensivel-23-36-max-branco-50x185x8cm-kozina\/"},"modified":"2025-11-28T22:02:19","modified_gmt":"2025-11-28T22:02:19","slug":"escorredor-para-lava-loicas-extensivel-23-36-max-branco-50x185x8cm-kozina","status":"publish","type":"product","link":"https:\/\/casafreitas.pt\/loja\/produto\/escorredor-para-lava-loicas-extensivel-23-36-max-branco-50x185x8cm-kozina\/","title":{"rendered":"Escorredor para lava-loi\u00e7as extens\u00edvel 23-36 m\u00e1x. branco 50&#215;18,5x8cm kozina"},"content":{"rendered":"","protected":false},"excerpt":{"rendered":"<p>Escorredor para lava-loi\u00e7as extens\u00edvel 23-36 m\u00e1x. branco 50&#215;18,5x8cm kozina<\/p>\n","protected":false},"featured_media":121828,"comment_status":"open","ping_status":"closed","template":"","meta":[],"product_brand":[],"product_cat":[13552,8800],"product_tag":[],"class_list":{"0":"post-121829","1":"product","2":"type-product","3":"status-publish","4":"has-post-thumbnail","6":"product_cat-lava-loica-acessorios","7":"product_cat-pequenos-domesticos","9":"first","10":"instock","11":"taxable","12":"shipping-taxable","13":"purchasable","14":"product-type-simple"},"_links":{"self":[{"href":"https:\/\/casafreitas.pt\/loja\/wp-json\/wp\/v2\/product\/121829","targetHints":{"allow":["GET"]}}],"collection":[{"href":"https:\/\/casafreitas.pt\/loja\/wp-json\/wp\/v2\/product"}],"about":[{"href":"https:\/\/casafreitas.pt\/loja\/wp-json\/wp\/v2\/types\/product"}],"replies":[{"embeddable":true,"href":"https:\/\/casafreitas.pt\/loja\/wp-json\/wp\/v2\/comments?post=121829"}],"version-history":[{"count":1,"href":"https:\/\/casafreitas.pt\/loja\/wp-json\/wp\/v2\/product\/121829\/revisions"}],"predecessor-version":[{"id":121830,"href":"https:\/\/casafreitas.pt\/loja\/wp-json\/wp\/v2\/product\/121829\/revisions\/121830"}],"wp:featuredmedia":[{"embeddable":true,"href":"https:\/\/casafreitas.pt\/loja\/wp-json\/wp\/v2\/media\/121828"}],"wp:attachment":[{"href":"https:\/\/casafreitas.pt\/loja\/wp-json\/wp\/v2\/media?parent=121829"}],"wp:term":[{"taxonomy":"product_brand","embeddable":true,"href":"https:\/\/casafreitas.pt\/loja\/wp-json\/wp\/v2\/product_brand?post=121829"},{"taxonomy":"product_cat","embeddable":true,"href":"https:\/\/casafreitas.pt\/loja\/wp-json\/wp\/v2\/product_cat?post=121829"},{"taxonomy":"product_tag","embeddable":true,"href":"https:\/\/casafreitas.pt\/loja\/wp-json\/wp\/v2\/product_tag?post=121829"}],"curies":[{"name":"wp","href":"https:\/\/api.w.org\/{rel}","templated":true}]}}