{"id":121433,"date":"2025-10-07T01:02:53","date_gmt":"2025-10-07T01:02:53","guid":{"rendered":"https:\/\/casafreitas.pt\/loja\/produto\/pincas-cozinha-com-pa-aco-inoxidavel-nylon-35cm\/"},"modified":"2025-10-24T07:14:41","modified_gmt":"2025-10-24T07:14:41","slug":"pincas-cozinha-com-pa-aco-inoxidavel-nylon-35cm","status":"publish","type":"product","link":"https:\/\/casafreitas.pt\/loja\/produto\/pincas-cozinha-com-pa-aco-inoxidavel-nylon-35cm\/","title":{"rendered":"Pin\u00e7as de cozinha com p\u00e1 de a\u00e7o inoxidavel\/nylon. 35cm"},"content":{"rendered":"","protected":false},"excerpt":{"rendered":"<p>Pin\u00e7as de cozinha com p\u00e1 de nylon. material: a\u00e7o inoxidavel\/nylon. medida: 35cm (comprimento).<\/p>\n","protected":false},"featured_media":121432,"comment_status":"open","ping_status":"closed","template":"","meta":[],"product_brand":[],"product_cat":[8800,16568],"product_tag":[],"class_list":{"0":"post-121433","1":"product","2":"type-product","3":"status-publish","4":"has-post-thumbnail","6":"product_cat-pequenos-domesticos","7":"product_cat-pincas-de-cozinha-pequenos-domesticos-31","9":"first","10":"instock","11":"taxable","12":"shipping-taxable","13":"purchasable","14":"product-type-simple"},"_links":{"self":[{"href":"https:\/\/casafreitas.pt\/loja\/wp-json\/wp\/v2\/product\/121433","targetHints":{"allow":["GET"]}}],"collection":[{"href":"https:\/\/casafreitas.pt\/loja\/wp-json\/wp\/v2\/product"}],"about":[{"href":"https:\/\/casafreitas.pt\/loja\/wp-json\/wp\/v2\/types\/product"}],"replies":[{"embeddable":true,"href":"https:\/\/casafreitas.pt\/loja\/wp-json\/wp\/v2\/comments?post=121433"}],"version-history":[{"count":1,"href":"https:\/\/casafreitas.pt\/loja\/wp-json\/wp\/v2\/product\/121433\/revisions"}],"predecessor-version":[{"id":121434,"href":"https:\/\/casafreitas.pt\/loja\/wp-json\/wp\/v2\/product\/121433\/revisions\/121434"}],"wp:featuredmedia":[{"embeddable":true,"href":"https:\/\/casafreitas.pt\/loja\/wp-json\/wp\/v2\/media\/121432"}],"wp:attachment":[{"href":"https:\/\/casafreitas.pt\/loja\/wp-json\/wp\/v2\/media?parent=121433"}],"wp:term":[{"taxonomy":"product_brand","embeddable":true,"href":"https:\/\/casafreitas.pt\/loja\/wp-json\/wp\/v2\/product_brand?post=121433"},{"taxonomy":"product_cat","embeddable":true,"href":"https:\/\/casafreitas.pt\/loja\/wp-json\/wp\/v2\/product_cat?post=121433"},{"taxonomy":"product_tag","embeddable":true,"href":"https:\/\/casafreitas.pt\/loja\/wp-json\/wp\/v2\/product_tag?post=121433"}],"curies":[{"name":"wp","href":"https:\/\/api.w.org\/{rel}","templated":true}]}}