{"id":121256,"date":"2025-10-07T00:37:11","date_gmt":"2025-10-07T00:37:11","guid":{"rendered":"https:\/\/casafreitas.pt\/loja\/produto\/servico-loica-18-pecas-modelo-bohemia-zebre\/"},"modified":"2025-10-24T07:14:25","modified_gmt":"2025-10-24T07:14:25","slug":"servico-loica-18-pecas-modelo-bohemia-zebre","status":"publish","type":"product","link":"https:\/\/casafreitas.pt\/loja\/produto\/servico-loica-18-pecas-modelo-bohemia-zebre\/","title":{"rendered":"Servi\u00e7o de loi\u00e7a 18 pe\u00e7as modelo bohemia zebre"},"content":{"rendered":"","protected":false},"excerpt":{"rendered":"<p>Servi\u00e7o de loi\u00e7a 18 pe\u00e7as modelo bohemia zebre. contem pratos rasos \u00f827cm, pratos fundos \u00f820cm e 6 pratos de sobremesa \u00f819cm<\/p>\n","protected":false},"featured_media":121255,"comment_status":"open","ping_status":"closed","template":"","meta":[],"product_brand":[],"product_cat":[8800,16919],"product_tag":[],"class_list":{"0":"post-121256","1":"product","2":"type-product","3":"status-publish","4":"has-post-thumbnail","6":"product_cat-pequenos-domesticos","7":"product_cat-servicos-de-mesa-pequenos-domesticos-16","9":"first","10":"instock","11":"taxable","12":"shipping-taxable","13":"purchasable","14":"product-type-simple"},"_links":{"self":[{"href":"https:\/\/casafreitas.pt\/loja\/wp-json\/wp\/v2\/product\/121256","targetHints":{"allow":["GET"]}}],"collection":[{"href":"https:\/\/casafreitas.pt\/loja\/wp-json\/wp\/v2\/product"}],"about":[{"href":"https:\/\/casafreitas.pt\/loja\/wp-json\/wp\/v2\/types\/product"}],"replies":[{"embeddable":true,"href":"https:\/\/casafreitas.pt\/loja\/wp-json\/wp\/v2\/comments?post=121256"}],"version-history":[{"count":1,"href":"https:\/\/casafreitas.pt\/loja\/wp-json\/wp\/v2\/product\/121256\/revisions"}],"predecessor-version":[{"id":121257,"href":"https:\/\/casafreitas.pt\/loja\/wp-json\/wp\/v2\/product\/121256\/revisions\/121257"}],"wp:featuredmedia":[{"embeddable":true,"href":"https:\/\/casafreitas.pt\/loja\/wp-json\/wp\/v2\/media\/121255"}],"wp:attachment":[{"href":"https:\/\/casafreitas.pt\/loja\/wp-json\/wp\/v2\/media?parent=121256"}],"wp:term":[{"taxonomy":"product_brand","embeddable":true,"href":"https:\/\/casafreitas.pt\/loja\/wp-json\/wp\/v2\/product_brand?post=121256"},{"taxonomy":"product_cat","embeddable":true,"href":"https:\/\/casafreitas.pt\/loja\/wp-json\/wp\/v2\/product_cat?post=121256"},{"taxonomy":"product_tag","embeddable":true,"href":"https:\/\/casafreitas.pt\/loja\/wp-json\/wp\/v2\/product_tag?post=121256"}],"curies":[{"name":"wp","href":"https:\/\/api.w.org\/{rel}","templated":true}]}}