{"id":120003,"date":"2025-10-06T15:17:20","date_gmt":"2025-10-06T15:17:20","guid":{"rendered":"https:\/\/casafreitas.pt\/loja\/produto\/ventoinha-teto-modelo-baltic-com-3-pas-madeira-o132cm\/"},"modified":"2025-10-24T07:13:22","modified_gmt":"2025-10-24T07:13:22","slug":"ventoinha-teto-modelo-baltic-com-3-pas-madeira-o132cm","status":"publish","type":"product","link":"https:\/\/casafreitas.pt\/loja\/produto\/ventoinha-teto-modelo-baltic-com-3-pas-madeira-o132cm\/","title":{"rendered":"Ventoinha de teto modelo baltic com 3 p\u00e1s de madeira \u00f8132cm"},"content":{"rendered":"","protected":false},"excerpt":{"rendered":"<p>Ventoinha de teto modelo baltic com 3 p\u00e1s de madeira \u00f8132cm, 3 posi\u00e7\u00f5es de luz led 3000\/4000\/6000k, pot\u00eancia de ilumina\u00e7\u00e3o 18w, 56 leds, pot\u00eancia: 20w, 2.190lm, 6 n\u00edveis de pot\u00eancia, modo ver\u00e3o e modo inverno, grau de prote\u00e7\u00e3o ip20, com comando, motor dc<\/p>\n","protected":false},"featured_media":120002,"comment_status":"open","ping_status":"closed","template":"","meta":[],"product_brand":[],"product_cat":[2364,17384],"product_tag":[],"class_list":{"0":"post-120003","1":"product","2":"type-product","3":"status-publish","4":"has-post-thumbnail","6":"product_cat-climatizacao","7":"product_cat-ventoinhas-de-teto-climatizacao","9":"first","10":"instock","11":"taxable","12":"shipping-taxable","13":"purchasable","14":"product-type-simple"},"_links":{"self":[{"href":"https:\/\/casafreitas.pt\/loja\/wp-json\/wp\/v2\/product\/120003","targetHints":{"allow":["GET"]}}],"collection":[{"href":"https:\/\/casafreitas.pt\/loja\/wp-json\/wp\/v2\/product"}],"about":[{"href":"https:\/\/casafreitas.pt\/loja\/wp-json\/wp\/v2\/types\/product"}],"replies":[{"embeddable":true,"href":"https:\/\/casafreitas.pt\/loja\/wp-json\/wp\/v2\/comments?post=120003"}],"version-history":[{"count":1,"href":"https:\/\/casafreitas.pt\/loja\/wp-json\/wp\/v2\/product\/120003\/revisions"}],"predecessor-version":[{"id":120004,"href":"https:\/\/casafreitas.pt\/loja\/wp-json\/wp\/v2\/product\/120003\/revisions\/120004"}],"wp:featuredmedia":[{"embeddable":true,"href":"https:\/\/casafreitas.pt\/loja\/wp-json\/wp\/v2\/media\/120002"}],"wp:attachment":[{"href":"https:\/\/casafreitas.pt\/loja\/wp-json\/wp\/v2\/media?parent=120003"}],"wp:term":[{"taxonomy":"product_brand","embeddable":true,"href":"https:\/\/casafreitas.pt\/loja\/wp-json\/wp\/v2\/product_brand?post=120003"},{"taxonomy":"product_cat","embeddable":true,"href":"https:\/\/casafreitas.pt\/loja\/wp-json\/wp\/v2\/product_cat?post=120003"},{"taxonomy":"product_tag","embeddable":true,"href":"https:\/\/casafreitas.pt\/loja\/wp-json\/wp\/v2\/product_tag?post=120003"}],"curies":[{"name":"wp","href":"https:\/\/api.w.org\/{rel}","templated":true}]}}