{"id":119547,"date":"2025-10-06T14:27:14","date_gmt":"2025-10-06T14:27:14","guid":{"rendered":"https:\/\/casafreitas.pt\/loja\/produto\/verniz-sintetico-decoracao-brilhante-caoba-750-ml\/"},"modified":"2025-10-24T07:12:51","modified_gmt":"2025-10-24T07:12:51","slug":"verniz-sintetico-decoracao-brilhante-caoba-750-ml","status":"publish","type":"product","link":"https:\/\/casafreitas.pt\/loja\/produto\/verniz-sintetico-decoracao-brilhante-caoba-750-ml\/","title":{"rendered":"Verniz sint\u00e9tico decora\u00e7\u00e3o brilhante caoba 750 ml"},"content":{"rendered":"","protected":false},"excerpt":{"rendered":"<p>Verniz sint\u00e9tico decora\u00e7\u00e3o brilhante caoba 750 ml. verniz alqu\u00eddico de alto brilho e elevada dureza, baseado na tecnologia de altos s\u00f3lidos, de secagem r\u00e1pida e excepcionalmente transparente. n\u00e3o altera as tonalidades e contrastes da madeira, de grande elasticidade, resist\u00eancia a riscos e lavagens<\/p>\n","protected":false},"featured_media":119546,"comment_status":"open","ping_status":"closed","template":"","meta":[],"product_brand":[],"product_cat":[17677,18004],"product_tag":[],"class_list":{"0":"post-119547","1":"product","2":"type-product","3":"status-publish","4":"has-post-thumbnail","6":"product_cat-vernizes-lacas-e-oleos-construcao","7":"product_cat-construcao","9":"first","10":"instock","11":"taxable","12":"shipping-taxable","13":"purchasable","14":"product-type-simple"},"_links":{"self":[{"href":"https:\/\/casafreitas.pt\/loja\/wp-json\/wp\/v2\/product\/119547","targetHints":{"allow":["GET"]}}],"collection":[{"href":"https:\/\/casafreitas.pt\/loja\/wp-json\/wp\/v2\/product"}],"about":[{"href":"https:\/\/casafreitas.pt\/loja\/wp-json\/wp\/v2\/types\/product"}],"replies":[{"embeddable":true,"href":"https:\/\/casafreitas.pt\/loja\/wp-json\/wp\/v2\/comments?post=119547"}],"version-history":[{"count":1,"href":"https:\/\/casafreitas.pt\/loja\/wp-json\/wp\/v2\/product\/119547\/revisions"}],"predecessor-version":[{"id":119548,"href":"https:\/\/casafreitas.pt\/loja\/wp-json\/wp\/v2\/product\/119547\/revisions\/119548"}],"wp:featuredmedia":[{"embeddable":true,"href":"https:\/\/casafreitas.pt\/loja\/wp-json\/wp\/v2\/media\/119546"}],"wp:attachment":[{"href":"https:\/\/casafreitas.pt\/loja\/wp-json\/wp\/v2\/media?parent=119547"}],"wp:term":[{"taxonomy":"product_brand","embeddable":true,"href":"https:\/\/casafreitas.pt\/loja\/wp-json\/wp\/v2\/product_brand?post=119547"},{"taxonomy":"product_cat","embeddable":true,"href":"https:\/\/casafreitas.pt\/loja\/wp-json\/wp\/v2\/product_cat?post=119547"},{"taxonomy":"product_tag","embeddable":true,"href":"https:\/\/casafreitas.pt\/loja\/wp-json\/wp\/v2\/product_tag?post=119547"}],"curies":[{"name":"wp","href":"https:\/\/api.w.org\/{rel}","templated":true}]}}