{"id":119514,"date":"2025-10-06T14:23:41","date_gmt":"2025-10-06T14:23:41","guid":{"rendered":"https:\/\/casafreitas.pt\/loja\/produto\/tinta-plastica-acrilica-estireno-respiravel-para-interior-branco-fosco-brilhante-4-l\/"},"modified":"2025-10-24T07:12:49","modified_gmt":"2025-10-24T07:12:49","slug":"tinta-plastica-acrilica-estireno-respiravel-para-interior-branco-fosco-brilhante-4-l","status":"publish","type":"product","link":"https:\/\/casafreitas.pt\/loja\/produto\/tinta-plastica-acrilica-estireno-respiravel-para-interior-branco-fosco-brilhante-4-l\/","title":{"rendered":"Tinta pl\u00e1stica acr\u00edlica estireno respir\u00e1vel para interior branco fosco brilhante, 4 l"},"content":{"rendered":"","protected":false},"excerpt":{"rendered":"<p>Tinta paredes e tetos branco luminoso mate 4 l interior 03h000104. \u00e0 base de \u00e1gua de odor suave para pintar paredes e tetos no interior de casas, armaz\u00e9ns, etc. muito f\u00e1cil de aplicar. tranpirante, n\u00e3o altera a permeabilidade do suporte, pelo que permite a passagem do vapor de \u00e1gua<\/p>\n","protected":false},"featured_media":119513,"comment_status":"open","ping_status":"closed","template":"","meta":[],"product_brand":[],"product_cat":[17625,18004],"product_tag":[],"class_list":{"0":"post-119514","1":"product","2":"type-product","3":"status-publish","4":"has-post-thumbnail","6":"product_cat-plastico-interior-construcao","7":"product_cat-construcao","9":"first","10":"instock","11":"taxable","12":"shipping-taxable","13":"purchasable","14":"product-type-simple"},"_links":{"self":[{"href":"https:\/\/casafreitas.pt\/loja\/wp-json\/wp\/v2\/product\/119514","targetHints":{"allow":["GET"]}}],"collection":[{"href":"https:\/\/casafreitas.pt\/loja\/wp-json\/wp\/v2\/product"}],"about":[{"href":"https:\/\/casafreitas.pt\/loja\/wp-json\/wp\/v2\/types\/product"}],"replies":[{"embeddable":true,"href":"https:\/\/casafreitas.pt\/loja\/wp-json\/wp\/v2\/comments?post=119514"}],"version-history":[{"count":1,"href":"https:\/\/casafreitas.pt\/loja\/wp-json\/wp\/v2\/product\/119514\/revisions"}],"predecessor-version":[{"id":119515,"href":"https:\/\/casafreitas.pt\/loja\/wp-json\/wp\/v2\/product\/119514\/revisions\/119515"}],"wp:featuredmedia":[{"embeddable":true,"href":"https:\/\/casafreitas.pt\/loja\/wp-json\/wp\/v2\/media\/119513"}],"wp:attachment":[{"href":"https:\/\/casafreitas.pt\/loja\/wp-json\/wp\/v2\/media?parent=119514"}],"wp:term":[{"taxonomy":"product_brand","embeddable":true,"href":"https:\/\/casafreitas.pt\/loja\/wp-json\/wp\/v2\/product_brand?post=119514"},{"taxonomy":"product_cat","embeddable":true,"href":"https:\/\/casafreitas.pt\/loja\/wp-json\/wp\/v2\/product_cat?post=119514"},{"taxonomy":"product_tag","embeddable":true,"href":"https:\/\/casafreitas.pt\/loja\/wp-json\/wp\/v2\/product_tag?post=119514"}],"curies":[{"name":"wp","href":"https:\/\/api.w.org\/{rel}","templated":true}]}}