{"id":118947,"date":"2025-10-05T11:09:03","date_gmt":"2025-10-05T11:09:03","guid":{"rendered":"https:\/\/casafreitas.pt\/loja\/produto\/tinta-anti-manchas-base-agua-isolfix-branca-750-ml\/"},"modified":"2025-10-24T07:12:16","modified_gmt":"2025-10-24T07:12:16","slug":"tinta-anti-manchas-base-agua-isolfix-branca-750-ml","status":"publish","type":"product","link":"https:\/\/casafreitas.pt\/loja\/produto\/tinta-anti-manchas-base-agua-isolfix-branca-750-ml\/","title":{"rendered":"Tinta anti-manchas \u00e0 base de \u00e1gua isolfix branca 750 ml"},"content":{"rendered":"","protected":false},"excerpt":{"rendered":"<p>Tinta anti-manchas \u00e0 base de \u00e1gua isolfix branca 750 ml. pintura cobre-manchas \u00e0 \u00e1gua para isolar e cobrir manchas de fumo, nicotina, fuligem, cafe, oleo, gorduras, manchas de \u00e1gua secas, marcadores, etc. excelente cobertura de manchas de lignina em placas de cart\u00e3o-gesso. ideal para cobrir manchas em cozinhas e wc, sem cheiro. livre de disolventes e amoniaco. lav\u00e1vel. resistente em contato humido: classe 1 segundo une-en 13300. resistente \u00e0 humidade ambiente. segunda capa ap\u00f3s 20 minutos. anti-gotas nem fica amarelo. cor branco<\/p>\n","protected":false},"featured_media":118946,"comment_status":"open","ping_status":"closed","template":"","meta":[],"product_brand":[],"product_cat":[17663,18004],"product_tag":[12842],"class_list":{"0":"post-118947","1":"product","2":"type-product","3":"status-publish","4":"has-post-thumbnail","6":"product_cat-tratamento-anti-bolor-manchas-de-humidade-construcao","7":"product_cat-construcao","8":"product_tag-beissier","10":"first","11":"instock","12":"taxable","13":"shipping-taxable","14":"purchasable","15":"product-type-simple"},"_links":{"self":[{"href":"https:\/\/casafreitas.pt\/loja\/wp-json\/wp\/v2\/product\/118947","targetHints":{"allow":["GET"]}}],"collection":[{"href":"https:\/\/casafreitas.pt\/loja\/wp-json\/wp\/v2\/product"}],"about":[{"href":"https:\/\/casafreitas.pt\/loja\/wp-json\/wp\/v2\/types\/product"}],"replies":[{"embeddable":true,"href":"https:\/\/casafreitas.pt\/loja\/wp-json\/wp\/v2\/comments?post=118947"}],"version-history":[{"count":1,"href":"https:\/\/casafreitas.pt\/loja\/wp-json\/wp\/v2\/product\/118947\/revisions"}],"predecessor-version":[{"id":118948,"href":"https:\/\/casafreitas.pt\/loja\/wp-json\/wp\/v2\/product\/118947\/revisions\/118948"}],"wp:featuredmedia":[{"embeddable":true,"href":"https:\/\/casafreitas.pt\/loja\/wp-json\/wp\/v2\/media\/118946"}],"wp:attachment":[{"href":"https:\/\/casafreitas.pt\/loja\/wp-json\/wp\/v2\/media?parent=118947"}],"wp:term":[{"taxonomy":"product_brand","embeddable":true,"href":"https:\/\/casafreitas.pt\/loja\/wp-json\/wp\/v2\/product_brand?post=118947"},{"taxonomy":"product_cat","embeddable":true,"href":"https:\/\/casafreitas.pt\/loja\/wp-json\/wp\/v2\/product_cat?post=118947"},{"taxonomy":"product_tag","embeddable":true,"href":"https:\/\/casafreitas.pt\/loja\/wp-json\/wp\/v2\/product_tag?post=118947"}],"curies":[{"name":"wp","href":"https:\/\/api.w.org\/{rel}","templated":true}]}}